000
CDUS41 KAKQ 180550
CLIWAL


CLIMATE REPORT
NATIONAL WEATHER SERVICE WAKEFIELD, VA
150 AM EDT SAT APR 18 2015


...................................

...THE WALLOPS ISLAND VA CLIMATE SUMMARY FOR APRIL 17 2015...

CLIMATE NORMAL PERIOD 1981 TO 2010
CLIMATE RECORD PERIOD 1963 TO 2015


WEATHER ITEM   OBSERVED TIME   RECORD YEAR NORMAL DEPARTURE
                VALUE   (LST)  VALUE       VALUE  FROM
                                                  NORMAL
...............................................................
TEMPERATURE (F)
 YESTERDAY
  MAXIMUM         69    417 PM  91    2002  63      6
  MINIMUM         55   1242 AM  32    2009  45     10
  AVERAGE         62                        54      8

PRECIPITATION (IN)
  YESTERDAY        0.04          0.44        0.10  -0.06
  MONTH TO DATE    2.10                      1.88   0.22
  SINCE MAR 1      5.48                      5.88  -0.40
  SINCE JAN 1     13.27                     11.68   1.59

SNOWFALL (IN)
  YESTERDAY        0.0           0.0    MM   0.0    0.0
  MONTH TO DATE    0.0                       0.1   -0.1
  SINCE NOV 1     11.3                       7.9    3.4
  SINCE JUL 1     11.3                       7.9    3.4

DEGREE DAYS
 HEATING
  YESTERDAY        3                               -8
  MONTH TO DATE  193                              -32
  SINCE MAR 1    894                               50
  SINCE JUL 1   4224                              300

 COOLING
  YESTERDAY        0                                0
  MONTH TO DATE    0                                0
  SINCE MAR 1      0                               -1
  SINCE JAN 1      0                               -1
...............................................................


WIND (MPH)
  HIGHEST WIND SPEED    17   HIGHEST WIND DIRECTION     S (180)
  HIGHEST GUST SPEED    22   HIGHEST GUST DIRECTION     S (190)
  AVERAGE WIND SPEED    10.1




RELATIVE HUMIDITY (PERCENT)
 HIGHEST    97
 LOWEST     76
 AVERAGE    87

..........................................................


THE WALLOPS ISLAND VA CLIMATE NORMALS FOR TODAY
                         NORMAL    RECORD    YEAR
 MAXIMUM TEMPERATURE (F)   64        88      2002
 MINIMUM TEMPERATURE (F)   46        33      1983


SUNRISE AND SUNSET
APRIL 18 2015.........SUNRISE   623 AM EDT   SUNSET   740 PM EDT
APRIL 19 2015.........SUNRISE   621 AM EDT   SUNSET   741 PM EDT


-  INDICATES NEGATIVE NUMBERS.
R  INDICATES RECORD WAS SET OR TIED.
MM INDICATES DATA IS MISSING.
T  INDICATES TRACE AMOUNT.




$$
