000
CDUS45 KLKN 180028
CLIWMC


CLIMATE REPORT
NATIONAL WEATHER SERVICE ELKO NV
527 PM PDT FRI APR 17 2015


...................................

...THE WINNEMUCCA AIRPORT NV CLIMATE SUMMARY FOR APRIL 17 2015...
VALID TODAY AS OF 0500 PM LOCAL TIME.

CLIMATE NORMAL PERIOD 1981 TO 2010
CLIMATE RECORD PERIOD 1877 TO 2015


WEATHER ITEM   OBSERVED TIME   RECORD YEAR NORMAL DEPARTURE LAST
                VALUE   (LST)  VALUE       VALUE  FROM      YEAR
                                                  NORMAL
..................................................................
TEMPERATURE (F)
 TODAY
  MAXIMUM         72    359 PM  86    1936  63      9       78
  MINIMUM         20    500 AM  16    1991  31    -11       32
                                      1976
  AVERAGE         46                        47     -1       55

PRECIPITATION (IN)
  TODAY            0.00          0.61 1988   0.03  -0.03     0.03
  MONTH TO DATE    0.16                      0.49  -0.33     0.14
  SINCE OCT 1      4.07                      5.33  -1.26     5.52
  SINCE JAN 1      1.50                      2.85  -1.35     2.86

SNOWFALL (IN)
  TODAY            0.0           0.7  1880   0.1   -0.1      0.0
  MONTH TO DATE    1.4                       1.1    0.3      1.2
  SINCE MAR 1      1.4                       4.3   -2.9      1.9
  SINCE JUL 1      4.3                      20.3  -16.0     23.4
  SNOW DEPTH       0

DEGREE DAYS
 HEATING
  TODAY           19                        18      1       10
  MONTH TO DATE  398                       339     59      301
  SINCE MAR 1    995                      1078    -83     1004
  SINCE JUL 1   4777                      5667   -890     5663

 COOLING
  TODAY            0                         0      0        0
  MONTH TO DATE    0                         0      0        0
  SINCE MAR 1      0                         0      0        0
  SINCE JAN 1      0                         0      0        0
..................................................................


WIND (MPH)
  HIGHEST WIND SPEED    15   HIGHEST WIND DIRECTION    NW (310)
  HIGHEST GUST SPEED    20   HIGHEST GUST DIRECTION     W (290)



WEATHER CONDITIONS
 THE FOLLOWING WEATHER WAS RECORDED TODAY.
  NO SIGNIFICANT WEATHER WAS OBSERVED.


RELATIVE HUMIDITY (PERCENT)
 HIGHEST    62           500 AM
 LOWEST      9           300 PM
 AVERAGE    36

..........................................................


THE WINNEMUCCA AIRPORT NV CLIMATE NORMALS FOR TOMORROW
                         NORMAL    RECORD    YEAR
 MAXIMUM TEMPERATURE (F)   63        84      1994
 MINIMUM TEMPERATURE (F)   31        13      2013
                                             1970
                                             1959


SUNRISE AND SUNSET
APRIL 17 2015.........SUNRISE   609 AM PDT   SUNSET   733 PM PDT
APRIL 18 2015.........SUNRISE   608 AM PDT   SUNSET   734 PM PDT


-  INDICATES NEGATIVE NUMBERS.
R  INDICATES RECORD WAS SET OR TIED.
MM INDICATES DATA IS MISSING.
T  INDICATES TRACE AMOUNT.




$$
