000
CDAK47 PAYA 050907
CLIYAK

CLIMATE REPORT
NATIONAL WEATHER SERVICE YAKUTAT, AK
107 AM AKDT TUE MAY 5 2015

...................................
...THE YAKUTAT AP CLIMATE SUMMARY FOR MAY 4 2015...

CLIMATE NORMAL PERIOD  1981 TO  2010
CLIMATE RECORD PERIOD  1948 TO  2015

WEATHER ITEM   OBSERVED TIME    RECORD YEAR NORMAL DEPARTURE LAST
               VALUE    (LST)   VALUE       VALUE  FROM      YEAR
                                                   NORMAL
...................................................................
TEMPERATURE
YESTERDAY
 MAXIMUM            60  0236 PM    64  1980     50      10     59
 MINIMUM            29  0500 AM    22  1968     34      -5     32
 AVERAGE            45                          42       3     46

PRECIPITATION
(INCHES)
 YESTERDAY        0.00           2.11  1987   0.27   -0.27   0.00
 MONTH TO DATE    0.09                        1.13   -1.04   0.00
 SINCE MAR 1     24.68                       21.36    3.32   7.92
 SINCE JAN 1     49.05                       45.88    3.17  34.98

SNOWFALL
(INCHES)
 YESTERDAY         0.0            4.5  1975    0.0     0.0    0.0
 MONTH TO DATE     0.0                         0.2    -0.2    0.0
 SINCE MAR 1      34.3                        37.6    -3.3   13.6
 SINCE JUL 1      47.1                       139.8   -92.7  109.0
 SNOW DEPTH (IN)     0                                          0

DEGREE DAYS
 HEATING
  YESTERDAY         20                          23      -3     19
  MONTH TO DATE     91                          93      -2     60
  SINCE MAR 1     1787                        1931    -144   1966
  SINCE JUL 1     7219                        8060    -841   7779

 COOLING
  YESTERDAY          0                           0       0      0
  MONTH TO DATE      0                           0       0      0
  SINCE MAR 1        0                           0       0      0
  SINCE JAN 1        0                           0       0      0
...................................................................

WIND (MPH)
 HIGHEST WIND SPEED    12     HIGHEST WIND DIRECTION    230
 HIGHEST GUST SPEED    16     HIGHEST GUST DIRECTION    240
 AVERAGE WIND SPEED   3.3

SKY COVER
  POSSIBLE SUNSHINE    MM          AVERAGE SKY COVER     MM

WEATHER CONDITIONS
 THE FOLLOWING WEATHER WAS RECORDED YESTERDAY.
  NO SIGNIFICANT WEATHER WAS OBSERVED.

RELATIVE HUMIDITY
 HIGHEST RH     MM PERCENT       MM
 LOWEST  RH     MM PERCENT       MM
 AVERAGE RH     MM PERCENT       MM
...................................................................

THE YAKUTAT CLIMATE NORMALS FOR TODAY
                           NORMAL    RECORD   YEAR
 MAXIMUM TEMPERATURE (F)     50        63     2004
 MINIMUM TEMPERATURE (F)     34        23     2002

SUNRISE AND SUNSET
 MAY 5 2015..........SUNRISE  5:09 AM      SUNSET  9:24 PM
 MAY 6 2015..........SUNRISE  5:07 AM      SUNSET  9:27 PM

-  INDICATES NEGATIVE NUMBERS.
R  INDICATES RECORD HAS BEEN SET OR TIED.
MM INDICATES DATA IS MISSING.
T  INDICATES TRACE OF PRECIPITATION.

&&
-------------------------------------------------------------------

AMOUNT OF DAYLIGHT TODAY  (HOUR:MIN)........16 HOURS 15 MINUTES
GAIN/LOSS SINCE YESTERDAY (HOUR:MIN:SEC)....+0:04:58

$$
*** MAY 15
