000
CXUS56 KOTX 011126
CLMEPH


CLIMATE REPORT
NATIONAL WEATHER SERVICE SPOKANE, WA
409 AM PDT WED APR 1 2015

...................................

...THE EPHRATA WA AIRPORT CLIMATE SUMMARY FOR THE MONTH OF MARCH 2015...

CLIMATE NORMAL PERIOD 1981 TO 2010
CLIMATE RECORD PERIOD 9999 TO 9999

WEATHER         OBSERVED          NORMAL  DEPART  LAST YEAR`S
                 VALUE   DATE(S)  VALUE   FROM    VALUE  DATE(S)
                                          NORMAL
................................................................
TEMPERATURE (F)
RECORD
 HIGH              75   03/25/1960
 LOW                2   03/04/1955
HIGHEST            71   03/27        MM      MM       65  03/16
                        03/14
                        03/09
LOWEST             20   03/04        MM      MM       14  03/03
AVG. MAXIMUM     60.8              53.9     6.9     55.0
AVG. MINIMUM     36.0              32.0     4.0     31.9
MEAN             48.4              43.0     5.4     43.5
DAYS MAX >= 90      0               0.0     0.0        0
DAYS MAX <= 32      0               0.2    -0.2        2
DAYS MIN <= 32      8              15.6    -7.6       14
DAYS MIN <= 0       0               0.0     0.0        0

PRECIPITATION (INCHES)
RECORD
 MAXIMUM         2.05   1957
 MINIMUM            T   1973
TOTALS           1.01              0.68    0.33     0.79
DAILY AVG.       0.03              0.02    0.01     0.03
DAYS >= .01         4               6.8    -2.8        9
DAYS >= .10         2               2.4    -0.4        2
DAYS >= .50         1               0.1     0.9        0
DAYS >= 1.00        0               0.0     0.0        0
GREATEST
 24 HR. TOTAL    0.54   03/15 TO 03/15           03/05 TO 03/05
                                                          03/05 TO 03/05
                                                          03/05 TO 03/05

SNOWFALL (INCHES)
RECORDS
 TOTAL            5.8   MM
 SNOW DEPTH        MM
TOTALS             MM               0.8      MM       MM
SINCE 7/1          MM              18.9      MM       MM
SNOWDEPTH AVG.     MM                MM      MM
DAYS >= 1.0         0               0.3    -0.3        0
GREATEST
 SNOW DEPTH        MM                                 MM  MM
 24 HR TOTAL       MM                                 MM

DEGREE_DAYS
HEATING TOTAL     504               684    -180      662
 SINCE 7/1       4198              5257   -1059     5244
COOLING TOTAL       0                 0       0        0
 SINCE 1/1          0                 0       0        0
......................................................

WIND (MPH)
AVERAGE WIND SPEED              7.0
HIGHEST WIND SPEED/DIRECTION    32/300    DATE  03/23
HIGHEST GUST SPEED/DIRECTION    41/300    DATE  03/23

SKY COVER
POSSIBLE SUNSHINE (PERCENT)   MM
AVERAGE SKY COVER           0.20
NUMBER OF DAYS FAIR           22
NUMBER OF DAYS PC              7
NUMBER OF DAYS CLOUDY          2

AVERAGE RH (PERCENT)     62

WEATHER CONDITIONS. NUMBER OF DAYS WITH
THUNDERSTORM              0     MIXED PRECIP               0
HEAVY RAIN                0     RAIN                       2
LIGHT RAIN               10     FREEZING RAIN              0
LT FREEZING RAIN          0     HAIL                       0
HEAVY SNOW                0     SNOW                       0
LIGHT SNOW                0     SLEET                      0
FOG                       4     FOG W/VIS <= 1/4 MILE      1
HAZE                      0

-  INDICATES NEGATIVE NUMBERS.
R  INDICATES RECORD WAS SET OR TIED.
MM INDICATES DATA IS MISSING.
T  INDICATES TRACE AMOUNT.

$$
