000
CXUS55 KMSO 011616
CLMGPI


CLIMATE REPORT
NATIONAL WEATHER SERVICE MISSOULA, MT
1015 AM MDT WED APR 1 2015

...................................

...THE KALISPELL MT CLIMATE SUMMARY FOR THE MONTH OF MARCH 2015...

CLIMATE NORMAL PERIOD 1981 TO 2010
CLIMATE RECORD PERIOD 1894 TO 2015

WEATHER         OBSERVED          NORMAL  DEPART  LAST YEAR`S
                 VALUE   DATE(S)  VALUE   FROM    VALUE
                                          NORMAL
.............................................................
TEMPERATURE (F)
RECORD
 HIGH              73   03/30/2004
 LOW              -29   03/03/1960
HIGHEST            67   03/27        MM      MM       55
LOWEST              4   03/04        MM      MM       -4
AVG. MAXIMUM     51.6              45.6     6.0     42.6
AVG. MINIMUM     26.6              25.1     1.5     25.3
MEAN             39.1              35.4     3.7
DAYS MAX >= 90      0               0.0     0.0        0
DAYS MAX <= 32      1               2.0    -1.0        3
DAYS MIN <= 32     19              26.1    -7.1       26
DAYS MIN <= 0       0               0.4    -0.4        2

PRECIPITATION (INCHES)
RECORD
 MAXIMUM         2.96   1987
 MINIMUM         0.08   1994
TOTALS           1.66              1.09    0.57
DAILY AVG.       0.05              0.04    0.01     0.08
DAYS >= .01        12              11.8     0.2       17
DAYS >= .10         3               4.0    -1.0        8
DAYS >= .50         1               0.2     0.8        0
DAYS >= 1.00        0               0.0     0.0        0
GREATEST
 24 HR. TOTAL    0.59   03/15 TO 03/15              0.47

SNOWFALL (INCHES)
TOTALS              T               5.7    -5.7     13.0
SINCE 7/1        59.4              53.0     6.4     71.7
DAYS >= TRACE       2               5.2    -3.2       13
DAYS >= 1.0         0               2.2    -2.2        2
GREATEST
 SNOW DEPTH         0   MM
 24 HR TOTAL        T   03/17 TO 03/17              10.0

DEGREE_DAYS
HEATING TOTAL     795               919    -124
 SINCE 7/1       6245              6771    -526
COOLING TOTAL       0                 0       0
 SINCE 1/1          0                 0       0
..............................................................

WIND (MPH)
AVERAGE WIND SPEED              5.2
HIGHEST WIND SPEED/DIRECTION    29/230    DATE  03/28
HIGHEST GUST SPEED/DIRECTION    36/230    DATE  03/28

SKY COVER
POSSIBLE SUNSHINE (PERCENT)   MM
AVERAGE SKY COVER           0.50
NUMBER OF DAYS FAIR           11
NUMBER OF DAYS PC             12
NUMBER OF DAYS CLOUDY          8

AVERAGE RH (PERCENT)     69

WEATHER CONDITIONS. NUMBER OF DAYS WITH
THUNDERSTORM              0     MIXED PRECIP               0
HEAVY RAIN                0     RAIN                       3
LIGHT RAIN               13     FREEZING RAIN              0
LT FREEZING RAIN          0     HAIL                       0
HEAVY SNOW                0     SNOW                       0
LIGHT SNOW                2     SLEET                      0
FOG                      11     FOG W/VIS <= 1/4 MILE      2
HAZE                      6

-  INDICATES NEGATIVE NUMBERS.
R  INDICATES RECORD WAS SET OR TIED.
MM INDICATES DATA IS MISSING.
T  INDICATES TRACE AMOUNT.

$$
