000
CXUS44 KBRO 011521
CLMHRL


CLIMATE REPORT
NATIONAL WEATHER SERVICE BROWNSVILLE TX
1021 AM CDT WED APR 1 2015

...................................

...THE HARLINGEN CLIMATE SUMMARY FOR THE MONTH OF MARCH 2015...

CLIMATE NORMAL PERIOD 1981 TO 2010
CLIMATE RECORD PERIOD 1912 TO 2015

WEATHER         OBSERVED          NORMAL  DEPART  LAST YEAR`S
                 VALUE   DATE(S)  VALUE   FROM    VALUE  DATE(S)
                                          NORMAL
................................................................
TEMPERATURE (F)
HIGHEST            85   03/30        93      -8       95  03/28
LOWEST             42   03/06        42       0       35  03/03
                        03/05
AVG. MAXIMUM     75.3              80.1    -4.8     75.4
AVG. MINIMUM     57.4              57.9    -0.5     54.5
MEAN             66.3              69.0    -2.7     64.9
DAYS MAX >= 90      0               2.0    -2.0        1
DAYS MAX <= 32      0               0.0     0.0        0
DAYS MIN <= 32      0               0.0     0.0        0
DAYS MIN <= 0       0               0.0     0.0        0

PRECIPITATION (INCHES)
TOTALS           3.06              1.29    1.77     1.78
DAILY AVG.       0.10              0.04    0.06     0.06
DAYS >= .01        13                MM      MM        9
DAYS >= .10         7                MM      MM
DAYS >= .50         2                MM      MM
DAYS >= 1.00        1                MM      MM
GREATEST
 24 HR. TOTAL    1.11   03/09 TO 03/09           03/09 TO 03/09
                                                          03/31 TO 03/31
                                                          03/31 TO 03/31
 STORM TOTAL       MM                                 MM
 (MM/DD(HH))            MM                    03/09(00) TO 03/09(00)
                                                 03/31(00) TO 03/31(00)1
                                                 03/31(00) TO 03/31(00)1

SNOWFALL (INCHES)
RECORDS
 24 HR TOTAL       MM
TOTALS            0.0                MM      MM      0.0
 LIQUID EQUIV    0.00                MM      MM     0.00
SINCE 7/1         0.0                MM      MM      0.0
 LIQUID 7/1      0.00
DAYS >= TRACE       0                MM      MM        0
DAYS >= 1.0         0                MM      MM        0
GREATEST
 SNOW DEPTH         0   MM                             0  MM
 24 HR TOTAL      0.0   03/31 TO 03/31               0.0
 STORM TOTAL       MM                                 MM
 (MM/DD(HH))            MM

DEGREE_DAYS
HEATING TOTAL      74                46      28      107
 SINCE 7/1        767               614     153      918
COOLING TOTAL     121               170     -49      112
 SINCE 1/1        180               295    -115      223

FREEZE DATES
RECORD
 EARLIEST     MM
 LATEST       MM
EARLIEST                        MM
LATEST                          MM
..................................................

WIND (MPH)
AVERAGE WIND SPEED              9.7
HIGHEST WIND SPEED/DIRECTION    36/350    DATE  03/05
HIGHEST GUST SPEED/DIRECTION    43/350    DATE  03/05

SKY COVER
POSSIBLE SUNSHINE (PERCENT)   MM
AVERAGE SKY COVER           0.60
NUMBER OF DAYS FAIR            7
NUMBER OF DAYS PC              9
NUMBER OF DAYS CLOUDY         15

AVERAGE RH (PERCENT)     81

WEATHER CONDITIONS. NUMBER OF DAYS WITH
THUNDERSTORM              0     MIXED PRECIP               0
HEAVY RAIN                3     RAIN                       4
LIGHT RAIN               14     FREEZING RAIN              0
LT FREEZING RAIN          0     HAIL                       0
HEAVY SNOW                0     SNOW                       0
LIGHT SNOW                0     SLEET                      0
FOG                      25     FOG W/VIS <= 1/4 MILE      4
HAZE                      4

-  INDICATES NEGATIVE NUMBERS.
R  INDICATES RECORD WAS SET OR TIED.
MM INDICATES DATA IS MISSING.
T  INDICATES TRACE AMOUNT.

$$
