000
CXUS55 KGJT 011127
CLMVEL


CLIMATE REPORT
NATIONAL WEATHER SERVICE GRAND JUNCTION CO
440 AM MDT FRI MAY 1 2015

...................................

...THE VERNAL UT CLIMATE SUMMARY FOR THE MONTH OF APRIL 2015...

CLIMATE NORMAL PERIOD 1981 TO 2010
CLIMATE RECORD PERIOD 9999 TO 9999

WEATHER         OBSERVED          NORMAL  DEPART  LAST YEAR`S
                 VALUE   DATE(S)  VALUE   FROM    VALUE  DATE(S)
                                          NORMAL
................................................................
TEMPERATURE (F)
HIGHEST            79   04/30        MM      MM       75  04/18
LOWEST             20   04/03        MM      MM       23  04/14
                                                          04/03
AVG. MAXIMUM     62.8              59.4     3.4     60.7
AVG. MINIMUM     35.0              34.1     0.9     33.5
MEAN             48.9              46.7     2.2     47.1
DAYS MAX >= 90      0               0.0     0.0        0
DAYS MAX <= 32      0               0.0     0.0        0
DAYS MIN <= 32      9              11.4    -2.4       13
DAYS MIN <= 0       0               0.0     0.0        0

PRECIPITATION (INCHES)
TOTALS           0.41              0.82   -0.41     0.62
DAILY AVG.       0.01              0.03   -0.02     0.02
DAYS >= .01         5               5.6    -0.6        6
DAYS >= .10         1               2.5    -1.5        3
DAYS >= .50         0               0.4    -0.4        0
DAYS >= 1.00        0               0.0     0.0        0
GREATEST
 24 HR. TOTAL    0.21   04/25 TO 04/25              0.30

SNOWFALL (INCHES)
TOTALS             MM                MM      MM       MM
SINCE 7/1          MM                MM      MM       MM
SNOWDEPTH AVG.     MM                MM      MM       MM
DAYS >= 1.0        MM                MM      MM       MM
GREATEST
 SNOW DEPTH        MM                                 MM  MM
 24 HR TOTAL       MM                                 MM

DEGREE_DAYS
HEATING TOTAL     473               548     -75      530
 SINCE 7/1       5657              6879   -1222     7088
COOLING TOTAL       0                 0       0        0
 SINCE 1/1          0                 0       0        0
.................................................................

WIND (MPH)
AVERAGE WIND SPEED              7.6
HIGHEST WIND SPEED/DIRECTION    46/190    DATE  04/14
HIGHEST GUST SPEED/DIRECTION    61/200    DATE  04/14

SKY COVER
POSSIBLE SUNSHINE (PERCENT)   MM
AVERAGE SKY COVER           0.30
NUMBER OF DAYS FAIR           19
NUMBER OF DAYS PC              7
NUMBER OF DAYS CLOUDY          4

AVERAGE RH (PERCENT)     43

WEATHER CONDITIONS. NUMBER OF DAYS WITH
THUNDERSTORM              2     MIXED PRECIP               0
HEAVY RAIN                2     RAIN                       3
LIGHT RAIN               13     FREEZING RAIN              0
LT FREEZING RAIN          0     HAIL                       0
HEAVY SNOW                1     SNOW                       1
LIGHT SNOW                3     SLEET                      0
FOG                       4     FOG W/VIS <= 1/4 MILE      1
HAZE                      2

-  INDICATES NEGATIVE NUMBERS.
R  INDICATES RECORD WAS SET OR TIED.
MM INDICATES DATA IS MISSING.
T  INDICATES TRACE AMOUNT.

$$
