000
CXUS56 KMTR 030958
CLMWVI


CLIMATE REPORT
NATIONAL WEATHER SERVICE SAN FRANCISCO BAY AREA
258 AM PDT FRI APR 3 2015

...................................

...THE WATSONVILLE AIRPORT CLIMATE SUMMARY FOR THE MONTH OF MARCH 2015...

CLIMATE NORMAL PERIOD 1981 TO 2010
CLIMATE RECORD PERIOD 1998 TO 2015

WEATHER         OBSERVED          NORMAL   LAST YEAR`S
                 VALUE   DATE(S)  VALUE    VALUE  DATE(S)

.........................................................
TEMPERATURE (F)
HIGHEST            89R  03/14        MM        79  03/12
                                                   03/09
LOWEST             39   03/03        MM        41  03/31
                                                   03/24
                                                   03/18
AVG. MAXIMUM     72.8                        67.2
AVG. MINIMUM     47.3                        46.6
MEAN             60.0              53.2      56.9
DAYS MAX >= 90      0                           0
DAYS MAX <= 32      0                           0
DAYS MIN <= 32      0                           0
DAYS MIN <= 0       0                           0

PRECIPITATION (INCHES)
RECORD
 MAXIMUM           MM   MM
 MINIMUM           MM   MM
TOTALS           0.67                        2.29
DAILY AVG.       0.02                        0.07
DAYS >= .01         4                          11
DAYS >= .10         2                           5
DAYS >= .50         0                           1
DAYS >= 1.00        0                           0
GREATEST
 24 HR. TOTAL    0.48   03/23 TO 03/23    03/26 TO 03/26
                                                   03/30 TO 03/30
                                                   03/30 TO 03/30

DEGREE_DAYS
HEATING TOTAL     154                         243
 SINCE 7/1       1126                        1982
COOLING TOTAL       9                           0
 SINCE 1/1         13                           0
..........................................................

WIND (MPH)
AVERAGE WIND SPEED              3.6
RESULTANT WIND SPEED/DIRECTION   1/218
HIGHEST WIND SPEED/DIRECTION    17/230    DATE  03/10
HIGHEST GUST SPEED/DIRECTION    22/240    DATE  03/22

SKY COVER
POSSIBLE SUNSHINE (PERCENT)   MM
AVERAGE SKY COVER           0.20
NUMBER OF DAYS FAIR           24
NUMBER OF DAYS PC              6
NUMBER OF DAYS CLOUDY          1

AVERAGE RH (PERCENT)     70

WEATHER CONDITIONS. NUMBER OF DAYS WITH
THUNDERSTORM              0     MIXED PRECIP               0
HEAVY RAIN                1     RAIN                       0
LIGHT RAIN                4     FREEZING RAIN              0
LT FREEZING RAIN          0     HAIL                       0
HEAVY SNOW                0     SNOW                       0
LIGHT SNOW                0     SLEET                      0
FOG                      13     FOG W/VIS <= 1/4 MILE      7
HAZE                      2

-  INDICATES NEGATIVE NUMBERS.
R  INDICATES RECORD WAS SET OR TIED.
MM INDICATES DATA IS MISSING.
T  INDICATES TRACE AMOUNT.

$$
