000
CXUS53 KILX 011749
CLSDEC

CLIMATE REPORT
NATIONAL WEATHER SERVICE LINCOLN IL
1136 AM CST SUN MAR 1 2015

...................................

...THE DECATUR IL AIRPORT CLIMATE SUMMARY FOR THE SEASON, FROM
12/1/2014 TO 2/28/2015...

CLIMATE NORMAL PERIOD 1981 TO 2010
CLIMATE RECORD PERIOD 9999 TO 9999

WEATHER         OBSERVED          NORMAL  DEPART  LAST YEAR`S
                 VALUE   DATE(S)  VALUE   FROM    VALUE
                                          NORMAL
.............................................................
TEMPERATURE (F)
RECORD
 HIGH              MM   MM
 LOW               MM   MM
HIGHEST            59   02/08        MM      MM       63
LOWEST             -6   02/24        MM      MM      -10
                        01/08
AVG. MAXIMUM     34.7              37.7    -3.0     32.6
AVG. MINIMUM     19.3              21.7    -2.4     14.2
MEAN             27.0              29.7    -2.7     23.4
DAYS MAX >= 90      0               0.0     0.0       MM
DAYS MAX <= 32     33              26.7     6.3       MM
DAYS MIN <= 32     74              74.8    -0.8       MM
DAYS MIN <= 0       7               2.8     4.2       MM

PRECIPITATION (INCHES)
RECORD
 MAXIMUM           MM   MM
 MINIMUM           MM   MM
TOTALS             MMR             6.26      MM     1.95
DAILY AVG.         MM                               0.04
DAYS >= .01        MM                MM      MM       MM
DAYS >= .10        MM                MM      MM       MM
DAYS >= .50        MM                MM      MM       MM
DAYS >= 1.00       MM                MM      MM       MM
GREATEST
 24 HR. TOTAL      MM                               1.01

DEGREE_DAYS
HEATING TOTAL    3373              3176     197     3664
 SINCE 7/1       4646              4257     389     4812
COOLING TOTAL       0                 0       0        0
 SINCE 1/1          0                 0       0        0

FREEZE DATES
RECORD
 EARLIEST     MM
 LATEST       MM
EARLIEST                        MM
LATEST                          MM
..............................................................

WIND (MPH)
AVERAGE WIND SPEED              10.1
HIGHEST WIND SPEED/DIRECTION    36/340    DATE  02/14
HIGHEST GUST SPEED/DIRECTION    46/340    DATE  02/14

SKY COVER
POSSIBLE SUNSHINE (PERCENT)   MM
AVERAGE SKY COVER           0.60
NUMBER OF DAYS FAIR           32
NUMBER OF DAYS PC             24
NUMBER OF DAYS CLOUDY         34

AVERAGE RH (PERCENT)     76

WEATHER CONDITIONS. NUMBER OF DAYS WITH
THUNDERSTORM              0     MIXED PRECIP               0
HEAVY RAIN                0     RAIN                       5
LIGHT RAIN               14     FREEZING RAIN              1
LT FREEZING RAIN          1     HAIL                       0
HEAVY SNOW                2     SNOW                       6
LIGHT SNOW               29     SLEET                      0
FOG                      58     FOG W/VIS <= 1/4 MILE      8
HAZE                     37

-  INDICATES NEGATIVE NUMBERS.
R  INDICATES RECORD WAS SET OR TIED.
MM INDICATES DATA IS MISSING.
T  INDICATES TRACE AMOUNT.

$$
