000
CDUS44 KFWD 030709
CLIACT


CLIMATE REPORT
NATIONAL WEATHER SERVICE FORT WORTH TX
209 AM CDT SUN MAY 3 2015


...................................

...THE WACO CLIMATE SUMMARY FOR MAY 2 2015...

CLIMATE NORMAL PERIOD 1981 TO 2010
CLIMATE RECORD PERIOD 1901 TO 2015


WEATHER ITEM   OBSERVED TIME   RECORD YEAR NORMAL DEPARTURE LAST
                VALUE   (LST)  VALUE       VALUE  FROM      YEAR
                                                  NORMAL
..................................................................
TEMPERATURE (F)
 YESTERDAY
  MAXIMUM         83    132 PM  95    1943  82      1       83
  MINIMUM         54    604 AM  38    1903  60     -6       42
  AVERAGE         69                        71     -2       63

PRECIPITATION (IN)
  YESTERDAY        0.00          3.95 1958   0.14  -0.14     0.00
  MONTH TO DATE    0.00                      0.27  -0.27     0.00
  SINCE MAR 1      7.34                      6.11   1.23     2.63
  SINCE JAN 1     12.07                     10.86   1.21     3.39

DEGREE DAYS
 HEATING
  YESTERDAY        0                         1     -1        2
  MONTH TO DATE    0                         2     -2       11
  SINCE MAR 1    350                       326     24      461
  SINCE JUL 1   2304                      2138    166     2604

 COOLING
  YESTERDAY        4                         6     -2        0
  MONTH TO DATE    6                        12     -6        0
  SINCE MAR 1    167                       157     10      129
  SINCE JAN 1    167                       166      1      129
..................................................................


WIND (MPH)
  HIGHEST WIND SPEED    15   HIGHEST WIND DIRECTION     S (190)
  HIGHEST GUST SPEED    20   HIGHEST GUST DIRECTION     S (180)
  AVERAGE WIND SPEED     6.4


SKY COVER
  POSSIBLE SUNSHINE  MM
  AVERAGE SKY COVER 0.1


WEATHER CONDITIONS
 THE FOLLOWING WEATHER WAS RECORDED YESTERDAY.
  FOG


RELATIVE HUMIDITY (PERCENT)
 HIGHEST   100           600 AM
 LOWEST     39           200 PM
 AVERAGE    70

..........................................................


THE WACO CLIMATE NORMALS FOR TODAY
                         NORMAL    RECORD    YEAR
 MAXIMUM TEMPERATURE (F)   82        94      1943
 MINIMUM TEMPERATURE (F)   60        40      2014
                                             2013


SUNRISE AND SUNSET
MAY  3 2015...........SUNRISE   642 AM CDT   SUNSET   810 PM CDT
MAY  4 2015...........SUNRISE   641 AM CDT   SUNSET   811 PM CDT


-  INDICATES NEGATIVE NUMBERS.
R  INDICATES RECORD WAS SET OR TIED.
MM INDICATES DATA IS MISSING.
T  INDICATES TRACE AMOUNT.




$$
