000
CDUS44 KFWD 132121
CLIACT


CLIMATE REPORT
NATIONAL WEATHER SERVICE FORT WORTH TX
421 PM CDT MON APR 13 2015


...................................

...THE WACO CLIMATE SUMMARY FOR APRIL 13 2015...
VALID AS OF 0400 PM LOCAL TIME.

CLIMATE NORMAL PERIOD 1981 TO 2010
CLIMATE RECORD PERIOD 1901 TO 2015


WEATHER ITEM   OBSERVED TIME   RECORD YEAR NORMAL DEPARTURE LAST
                VALUE   (LST)  VALUE       VALUE  FROM      YEAR
                                                  NORMAL
..................................................................
TEMPERATURE (F)
 TODAY
  MAXIMUM         84    211 PM  96    1902  77      7       77
  MINIMUM         66    653 AM  31    1940  54     12       65
  AVERAGE         75

PRECIPITATION (IN)
  TODAY            0.09          2.50 1902   0.08   0.01     0.63
  MONTH TO DATE    0.41                      0.99  -0.58     1.08
  SINCE MAR 1      3.26                      4.14  -0.88     1.95
  SINCE JAN 1      7.99                      8.89  -0.90     2.71

SNOWFALL (IN)
  TODAY            0.0           0.0    MM   0.0    0.0      0.0
  MONTH TO DATE    0.0                       0.1   -0.1      0.0
  SINCE MAR 1      0.7                       0.2    0.5      0.1
  SINCE JUL 1      1.4                       1.1    0.3      0.1
  SNOW DEPTH       0

..................................................................


WIND (MPH)
  HIGHEST WIND SPEED    24   HIGHEST WIND DIRECTION     N (10)
  HIGHEST GUST SPEED    28   HIGHEST GUST DIRECTION     N (10)
  AVERAGE WIND SPEED     7.6




..........................................................


THE WACO CLIMATE NORMALS FOR TOMORROW
                         NORMAL    RECORD    YEAR
 MAXIMUM TEMPERATURE (F)   77        91      1924
 MINIMUM TEMPERATURE (F)   54        33      2008


SUNRISE AND SUNSET
APRIL 13 2015.........SUNRISE   703 AM CDT   SUNSET   756 PM CDT
APRIL 14 2015.........SUNRISE   702 AM CDT   SUNSET   757 PM CDT


-  INDICATES NEGATIVE NUMBERS.
R  INDICATES RECORD WAS SET OR TIED.
MM INDICATES DATA IS MISSING.
T  INDICATES TRACE AMOUNT.




$$
