000
CDUS44 KFWD 162120
CLIACT


CLIMATE REPORT
NATIONAL WEATHER SERVICE FORT WORTH TX
420 PM CDT THU APR 16 2015


...................................

...THE WACO CLIMATE SUMMARY FOR APRIL 16 2015...
VALID AS OF 0400 PM LOCAL TIME.

CLIMATE NORMAL PERIOD 1981 TO 2010
CLIMATE RECORD PERIOD 1901 TO 2015


WEATHER ITEM   OBSERVED TIME   RECORD YEAR NORMAL DEPARTURE LAST
                VALUE   (LST)  VALUE       VALUE  FROM      YEAR
                                                  NORMAL
..................................................................
TEMPERATURE (F)
 TODAY
  MAXIMUM         81   1232 PM  95    2006  78      3       69
  MINIMUM         60    355 AM  33    1983  55      5       43
  AVERAGE         71

PRECIPITATION (IN)
  TODAY            0.58          2.28 1907   0.08   0.50     0.00
  MONTH TO DATE    1.00                      1.23  -0.23     1.66
  SINCE MAR 1      3.85                      4.38  -0.53     2.53
  SINCE JAN 1      8.58                      9.13  -0.55     3.29

SNOWFALL (IN)
  TODAY            0.0           0.0    MM   0.0    0.0      0.0
  MONTH TO DATE    0.0                       0.2   -0.2      0.0
  SINCE MAR 1      0.7                       0.3    0.4      0.1
  SINCE JUL 1      1.4                       1.2    0.2      0.1
  SNOW DEPTH       0

..................................................................


WIND (MPH)
  HIGHEST WIND SPEED    30   HIGHEST WIND DIRECTION    NW (300)
  HIGHEST GUST SPEED    44   HIGHEST GUST DIRECTION     W (290)
  AVERAGE WIND SPEED     8.2




..........................................................


THE WACO CLIMATE NORMALS FOR TOMORROW
                         NORMAL    RECORD    YEAR
 MAXIMUM TEMPERATURE (F)   78        97      2006
 MINIMUM TEMPERATURE (F)   55        35      1999


SUNRISE AND SUNSET
APRIL 16 2015.........SUNRISE   700 AM CDT   SUNSET   758 PM CDT
APRIL 17 2015.........SUNRISE   658 AM CDT   SUNSET   759 PM CDT


-  INDICATES NEGATIVE NUMBERS.
R  INDICATES RECORD WAS SET OR TIED.
MM INDICATES DATA IS MISSING.
T  INDICATES TRACE AMOUNT.




$$
