000
CDUS44 KFWD 160653
CLIACT


CLIMATE REPORT
NATIONAL WEATHER SERVICE FORT WORTH TX
153 AM CDT THU APR 16 2015


...................................

...THE WACO CLIMATE SUMMARY FOR APRIL 15 2015...

CLIMATE NORMAL PERIOD 1981 TO 2010
CLIMATE RECORD PERIOD 1901 TO 2015


WEATHER ITEM   OBSERVED TIME   RECORD YEAR NORMAL DEPARTURE LAST
                VALUE   (LST)  VALUE       VALUE  FROM      YEAR
                                                  NORMAL
..................................................................
TEMPERATURE (F)
 YESTERDAY
  MAXIMUM         79    335 PM  91    1925  78      1       62
                                      1924
                                      1904
  MINIMUM         43    538 AM  31    2014  54    -11       31
                                      1983
  AVERAGE         61                        66     -5       47

PRECIPITATION (IN)
  YESTERDAY        0.00          2.73 1977   0.09  -0.09     0.00
  MONTH TO DATE    0.42                      1.15  -0.73     1.66
  SINCE MAR 1      3.27                      4.30  -1.03     2.53
  SINCE JAN 1      8.00                      9.05  -1.05     3.29

SNOWFALL (IN)
  YESTERDAY        0.0           0.0    MM   0.1   -0.1      0.0
  MONTH TO DATE    0.0                       0.2   -0.2      0.0
  SINCE MAR 1      0.7                       0.3    0.4      0.1
  SINCE JUL 1      1.4                       1.2    0.2      0.1
  SNOW DEPTH       0

DEGREE DAYS
 HEATING
  YESTERDAY        4                         3      1       18
  MONTH TO DATE   33                        56    -23       74
  SINCE MAR 1    328                       302     26      424
  SINCE JUL 1   2282                      2114    168     2567

 COOLING
  YESTERDAY        0                         3     -3        0
  MONTH TO DATE   69                        40     29       59
  SINCE MAR 1     96                        74     22       74
  SINCE JAN 1     96                        83     13       74
..................................................................


WIND (MPH)
  HIGHEST WIND SPEED    17   HIGHEST WIND DIRECTION    SE (140)
  HIGHEST GUST SPEED    21   HIGHEST GUST DIRECTION    SE (150)
  AVERAGE WIND SPEED     6.0


SKY COVER
  POSSIBLE SUNSHINE  MM
  AVERAGE SKY COVER 0.0


WEATHER CONDITIONS
 THE FOLLOWING WEATHER WAS RECORDED YESTERDAY.
  FOG


RELATIVE HUMIDITY (PERCENT)
 HIGHEST   100           200 AM
 LOWEST     45           300 PM
 AVERAGE    73

..........................................................


THE WACO CLIMATE NORMALS FOR TODAY
                         NORMAL    RECORD    YEAR
 MAXIMUM TEMPERATURE (F)   78        95      2006
 MINIMUM TEMPERATURE (F)   55        33      1983


SUNRISE AND SUNSET
APRIL 16 2015.........SUNRISE   700 AM CDT   SUNSET   758 PM CDT
APRIL 17 2015.........SUNRISE   658 AM CDT   SUNSET   759 PM CDT


-  INDICATES NEGATIVE NUMBERS.
R  INDICATES RECORD WAS SET OR TIED.
MM INDICATES DATA IS MISSING.
T  INDICATES TRACE AMOUNT.




$$
