000
CXUS54 KHGX 011415
CF6DWH
PRELIMINARY LOCAL CLIMATOLOGICAL DATA (WS FORM: F-6)

                                          STATION:   HOUSTON/D.W._HOOKS
                                          MONTH:     MARCH
                                          YEAR:      2013
                                          LATITUDE:   30  4 N
                                          LONGITUDE:  95 33 W

  TEMPERATURE IN F:       :PCPN:    SNOW:  WIND      :SUNSHINE: SKY     :PK WND
================================================================================
1   2   3   4   5  6A  6B    7    8   9   10  11  12  13   14  15   16   17  18
                                     12Z  AVG MX 2MIN
DY MAX MIN AVG DEP HDD CDD  WTR  SNW DPTH SPD SPD DIR MIN PSBL S-S WX    SPD DR
================================================================================

 1  65  31  48 -10  17   0 0.00  0.0    0  4.7 16 320   M    M   1        23  10
 2  56  34  45 -13  20   0 0.00  0.0    0  7.4 22 320   M    M   1        30 310
 3  70  30  50  -8  15   0 0.00  0.0    0  5.7 18 180   M    M   0        24 180
 4  80  55  68  10   0   3 0.00  0.0    0 13.4 24 220   M    M   1        38 220
 5  69  47  58  -1   7   0 0.00  0.0    0 12.7 22  10   M    M   3        30 360
 6  69  35  52  -7  13   0 0.00  0.0    0  4.3 14  40   M    M   0        18  10
 7  70  37  54  -5  11   0 0.00  0.0    0  5.7 17 110   M    M   0        23 140
 8  71  48  60   1   5   0 0.00  0.0    0  8.1 20 130   M    M   5 1      25 130
 9  77  60  69  10   0   4 0.00  0.0    0 11.1 22 150   M    M   7 1      31 160
10  69  50  60   0   5   0 0.37  0.0    0  9.3 20 340   M    M   8 1      28 330
11  62  38  50 -10  15   0 0.00  0.0    0  6.8 21 300   M    M   0        26 290
12  73  32  53  -7  12   0 0.00  0.0    0  1.4  9 130   M    M   0        14  90
13  74  40  57  -3   8   0 0.00  0.0    0  2.4 15  80   M    M   0 1      18  80
14  76  41  59  -1   6   0 0.00  0.0    0  4.9 15 190   M    M   0 1      20 160
15  81  44  63   3   2   0 0.00  0.0    0  7.4 18 180   M    M   1        24 210
16  82  57  70   9   0   5 0.00  0.0    0 10.8 24 200   M    M   2        30 210
17  84  64  74  13   0   9 0.00  0.0    0  8.7 20 190   M    M   6        25 200
18  90  66  78  17   0  13 0.00  0.0    0  6.6 15 360   M    M   5 1      23 340
19  81  60  71  10   0   6 0.00  0.0    0  8.3 16 110   M    M   1        22 120
20  74  51  63   1   2   0 0.15  0.0    0  7.0 20  10   M    M   4 13     26  10
21  75  46  61  -1   4   0 0.00  0.0    0  7.8 21 190   M    M   6        28 180
22  85  66  76  14   0  11    T  0.0    0  6.7 16 220   M    M   8 1      20 220
23  73  60  67   5   0   2    T  0.0    0  3.5 12 340   M    M   9 18     15 350
24  64  45  55  -7  10   0 0.00  0.0    0 13.0 25 340   M    M   3 1      38 340
25  61  37  49 -14  16   0 0.00  0.0    0  7.1 17 340   M    M   0        23  10
26  63  35  49 -14  16   0 0.00  0.0    0  4.2 15 350   M    M   0        21  10
27  71  33  52 -11  13   0 0.00  0.0    0  6.6 18 120   M    M   2        24 120
28  73  49  61  -2   4   0 0.00  0.0    M  6.8 15 130   M    M   6 1      20 150
29  76  52  64   0   1   0 0.00  0.0    0  6.4 15 140   M    M   8 12     22 140
30  81  63  72   8   0   7 0.00  0.0    0  5.9 15 190   M    M   5        22 150
31  85  59  72   8   0   7 0.11  0.0    0  7.0 21 190   M    M   7 1      29 210
================================================================================
SM 2280 1465       202  67  0.63     0.0 221.7          M       99
================================================================================
AV 73.5 47.3                               7.2 FASTST   M    M   3    MAX(MPH)
                                 MISC ---->  # 25 340               # 38  220
================================================================================
NOTES:
# LAST OF SEVERAL OCCURRENCES

COLUMN 17 PEAK WIND IN M.P.H.

PRELIMINARY LOCAL CLIMATOLOGICAL DATA (WS FORM: F-6) , PAGE 2

                                          STATION:  HOUSTON/D.W._HOOKS
                                          MONTH:    MARCH
                                          YEAR:     2013
                                          LATITUDE:   30  4 N
                                          LONGITUDE:  95 33 W

[TEMPERATURE DATA]      [PRECIPITATION DATA]       SYMBOLS USED IN COLUMN 16

AVERAGE MONTHLY: 60.4   TOTAL FOR MONTH:   0.63    1 = FOG OR MIST
DPTR FM NORMAL:  -0.4   DPTR FM NORMAL:   -2.96    2 = FOG REDUCING VISIBILITY
HIGHEST:    90 ON 18    GRTST 24HR  0.37 ON 10-10      TO 1/4 MILE OR LESS
LOWEST:     30 ON  3                               3 = THUNDER
                        SNOW, ICE PELLETS, HAIL    4 = ICE PELLETS
                        TOTAL MONTH:   0.0 INCH    5 = HAIL
                        GRTST 24HR     0.0         6 = FREEZING RAIN OR DRIZZLE
                        GRTST DEPTH:   0           7 = DUSTSTORM OR SANDSTORM:
                                                       VSBY 1/2 MILE OR LESS
                                                   8 = SMOKE OR HAZE
[NO. OF DAYS WITH]      [WEATHER - DAYS WITH]      9 = BLOWING SNOW
                                                   X = TORNADO
MAX 32 OR BELOW:   0    0.01 INCH OR MORE:   3
MAX 90 OR ABOVE:   1    0.10 INCH OR MORE:   3
MIN 32 OR BELOW:   3    0.50 INCH OR MORE:   0
MIN  0 OR BELOW:   0    1.00 INCH OR MORE:   0

[HDD (BASE 65) ]
TOTAL THIS MO.   202    CLEAR  (SCALE 0-3)  18
DPTR FM NORMAL    23    PTCLDY (SCALE 4-7)  11
TOTAL FM JUL 1  1259    CLOUDY (SCALE 8-10)  2
DPTR FM NORMAL  -267

[CDD (BASE 65) ]
TOTAL THIS MO.    67
DPTR FM NORMAL    18    [PRESSURE DATA]
TOTAL FM JAN 1   113    HIGHEST SLP 30.49 ON 26
DPTR FM NORMAL    36    LOWEST  SLP 29.60 ON 23

[REMARKS]
#FINAL-03-13#
