000
CDUS43 KJKL 030543
CLIJKL

CLIMATE REPORT
NATIONAL WEATHER SERVICE JACKSON KY

143 AM EDT SUN MAY 3 2015
...................................

...THE JACKSON KY CLIMATE SUMMARY FOR MAY 2 2015...

CLIMATE NORMAL PERIOD 1981 TO 2010
CLIMATE RECORD PERIOD 1981 TO 2015

WEATHER ITEM   OBSERVED TIME   RECORD YEAR NORMAL DEPARTURE LAST
                VALUE   (LST)  VALUE       VALUE  FROM      YEAR
                                                  NORMAL
..................................................................
TEMPERATURE (F)
 YESTERDAY
  MAXIMUM         75    255 PM  87    2012  72      3       65
  MINIMUM         47    631 AM  37    2004  51     -4       43
  AVERAGE         61                        62     -1       54

PRECIPITATION (IN)
  YESTERDAY        0.00          1.65 2010   0.15  -0.15     0.00
  MONTH TO DATE    0.00                      0.30  -0.30      T
  SINCE MAR 1     16.55                      8.25   8.30    10.94
  SINCE JAN 1     22.73                     15.61   7.12    18.56

SNOWFALL (IN)
  YESTERDAY        0.0           0.0  2002   0.0    0.0      0.0
                                      2001
  MONTH TO DATE    0.0                       0.0    0.0      0.0
  SINCE MAR 1      3.7                       3.9   -0.2     11.9
  SINCE JUL 1     29.1                      23.5    5.6     38.9
  SNOW DEPTH       0

DEGREE DAYS
 HEATING
  YESTERDAY        4                         5     -1       11
  MONTH TO DATE   15                        10      5       21
  SINCE MAR 1    772                       831    -59      850
  SINCE JUL 1   4537                      4131    406     4451

 COOLING
  YESTERDAY        0                         2     -2        0
  MONTH TO DATE    0                         4     -4        0
  SINCE MAR 1     25                        50    -25       39
  SINCE JAN 1     25                        50    -25       39
..................................................................

WIND (MPH)
  HIGHEST WIND SPEED     9   HIGHEST WIND DIRECTION    NW (310)
  HIGHEST GUST SPEED    12   HIGHEST GUST DIRECTION    NW (310)
  AVERAGE WIND SPEED     1.4

SKY COVER
  POSSIBLE SUNSHINE  MM
  AVERAGE SKY COVER 0.1

WEATHER CONDITIONS
 THE FOLLOWING WEATHER WAS RECORDED YESTERDAY.
  NO SIGNIFICANT WEATHER WAS OBSERVED.

RELATIVE HUMIDITY (PERCENT)
 HIGHEST    93           600 AM
 LOWEST     25           400 PM
 AVERAGE    59
..........................................................

THE JACKSON KY CLIMATE NORMALS FOR TODAY
                         NORMAL    RECORD    YEAR
 MAXIMUM TEMPERATURE (F)   72        84      2012
                                             2001
 MINIMUM TEMPERATURE (F)   52        32      2004

SUNRISE AND SUNSET
MAY  3 2015...........SUNRISE   636 AM EDT   SUNSET   825 PM EDT
MAY  4 2015...........SUNRISE   635 AM EDT   SUNSET   826 PM EDT

-  INDICATES NEGATIVE NUMBERS.
R  INDICATES RECORD WAS SET OR TIED.
MM INDICATES DATA IS MISSING.
T  INDICATES TRACE AMOUNT.

$$
