000
CDUS43 KJKL 160534
CLIJKL

CLIMATE REPORT
NATIONAL WEATHER SERVICE JACKSON KY
119 AM EDT THU APR 16 2015

...................................

...THE JACKSON KY CLIMATE SUMMARY FOR APRIL 15 2015...

CLIMATE NORMAL PERIOD 1981 TO 2010
CLIMATE RECORD PERIOD 1981 TO 2015

WEATHER ITEM   OBSERVED TIME   RECORD YEAR NORMAL DEPARTURE LAST
                VALUE   (LST)  VALUE       VALUE  FROM      YEAR
                                                  NORMAL
..................................................................
TEMPERATURE (F)
 YESTERDAY
  MAXIMUM         60        MM  86    2006  68     -8       63
  MINIMUM         50        MM  30    2014  47      3       30
  AVERAGE         55                        57     -2       47

PRECIPITATION (IN)
  YESTERDAY        0.09          1.57 1994   0.12  -0.03     0.27
  MONTH TO DATE    8.71                      1.87   6.84     2.43
  SINCE MAR 1     14.97                      5.99   8.98     7.94
  SINCE JAN 1     21.15                     13.35   7.80    15.56

SNOWFALL (IN)
  YESTERDAY        0.0           T    1994   0.0    0.0      1.0
  MONTH TO DATE    0.0                       0.8   -0.8      1.0
  SINCE MAR 1      3.7                       3.7    0.0     11.9
  SINCE JUL 1     29.1                      23.3    5.8     38.9
  SNOW DEPTH       0

DEGREE DAYS
 HEATING
  YESTERDAY       10                         9      1       18
  MONTH TO DATE   87                       163    -76       91
  SINCE MAR 1    635                       716    -81      758
  SINCE JUL 1   4400                      4016    384     4359

 COOLING
  YESTERDAY        0                         1     -1        0
  MONTH TO DATE   18                        15      3       25
  SINCE MAR 1     18                        22     -4       25
  SINCE JAN 1     18                        22     -4       25
..................................................................

WIND (MPH)
  HIGHEST WIND SPEED     6   HIGHEST WIND DIRECTION     E (99)
  HIGHEST GUST SPEED    MM   HIGHEST GUST DIRECTION    MM
  AVERAGE WIND SPEED     3.1

SKY COVER
  POSSIBLE SUNSHINE  MM
  AVERAGE SKY COVER 1.0

WEATHER CONDITIONS
 THE FOLLOWING WEATHER WAS RECORDED YESTERDAY.
  LIGHT RAIN
  FOG

RELATIVE HUMIDITY (PERCENT)
 HIGHEST    93          1200 PM
 LOWEST     71           100 AM
 AVERAGE    82
..........................................................

THE JACKSON KY CLIMATE NORMALS FOR TODAY
                         NORMAL    RECORD    YEAR
 MAXIMUM TEMPERATURE (F)   68        87      2002
 MINIMUM TEMPERATURE (F)   47        27      2014

SUNRISE AND SUNSET
APRIL 16 2015.........SUNRISE   657 AM EDT   SUNSET   809 PM EDT
APRIL 17 2015.........SUNRISE   656 AM EDT   SUNSET   810 PM EDT

-  INDICATES NEGATIVE NUMBERS.
R  INDICATES RECORD WAS SET OR TIED.
MM INDICATES DATA IS MISSING.
T  INDICATES TRACE AMOUNT.

$$

SHALLENBERGER
