000
CDUS43 KJKL 242020
CLIJKL

CLIMATE REPORT
NATIONAL WEATHER SERVICE JACKSON KY
419 PM EDT FRI APR 24 2015


...................................

...THE JACKSON KY CLIMATE SUMMARY FOR APRIL 24 2015...
VALID TODAY AS OF 0400 PM LOCAL TIME.

CLIMATE NORMAL PERIOD 1981 TO 2010
CLIMATE RECORD PERIOD 1981 TO 2015


WEATHER ITEM   OBSERVED TIME   RECORD YEAR NORMAL DEPARTURE LAST
                VALUE   (LST)  VALUE       VALUE  FROM      YEAR
                                                  NORMAL
..................................................................
TEMPERATURE (F)
 TODAY
  MAXIMUM         63    244 PM  90    2009  70     -7       75
  MINIMUM         38    611 AM  32    2005  49    -11       44
  AVERAGE         51                        60     -9       60

PRECIPITATION (IN)
  TODAY            0.00          0.81 2002   0.13  -0.13     0.00
  MONTH TO DATE    9.54                      3.01   6.53     2.47
  SINCE MAR 1     15.80                      7.13   8.67     7.98
  SINCE JAN 1     21.98                     14.49   7.49    15.60

SNOWFALL (IN)
  TODAY            0.0                       0.0    0.0      0.0
  MONTH TO DATE    0.0                       1.0   -1.0      1.0
  SINCE MAR 1      3.7                       3.9   -0.2     11.9
  SINCE JUL 1     29.1                      23.5    5.6     38.9
  SNOW DEPTH       0

DEGREE DAYS
 HEATING
  TODAY           14                         7      7        5
  MONTH TO DATE  148                       233    -85      146
  SINCE MAR 1    696                       786    -90      813
  SINCE JUL 1   4461                      4086    375     4414

 COOLING
  TODAY            0                         2     -2        0
  MONTH TO DATE   25                        29     -4       28
  SINCE MAR 1     25                        36    -11       28
  SINCE JAN 1     25                        36    -11       28
..................................................................


WIND (MPH)
  HIGHEST WIND SPEED     8   HIGHEST WIND DIRECTION    SE (150)
  HIGHEST GUST SPEED    13   HIGHEST GUST DIRECTION    SE (130)
  AVERAGE WIND SPEED     2.7


SKY COVER
  POSSIBLE SUNSHINE  MM
  AVERAGE SKY COVER 0.0


WEATHER CONDITIONS
 THE FOLLOWING WEATHER WAS RECORDED TODAY.
  NO SIGNIFICANT WEATHER WAS OBSERVED.


RELATIVE HUMIDITY (PERCENT)
 HIGHEST    54           700 AM
 LOWEST     19           300 PM
 AVERAGE    37

..........................................................


THE JACKSON KY CLIMATE NORMALS FOR TOMORROW
                         NORMAL    RECORD    YEAR
 MAXIMUM TEMPERATURE (F)   71        89      2009
                                             1990
 MINIMUM TEMPERATURE (F)   50        35      1995
                                             1988
                                             1983


SUNRISE AND SUNSET
APRIL 24 2015.........SUNRISE   647 AM EDT   SUNSET   817 PM EDT
APRIL 25 2015.........SUNRISE   645 AM EDT   SUNSET   818 PM EDT


-  INDICATES NEGATIVE NUMBERS.
R  INDICATES RECORD WAS SET OR TIED.
MM INDICATES DATA IS MISSING.
T  INDICATES TRACE AMOUNT.




$$
