000
CDUS43 KJKL 232020
CLIJKL

CLIMATE REPORT
NATIONAL WEATHER SERVICE JACKSON KY
418 PM EDT THU APR 23 2015


...................................

...THE JACKSON KY CLIMATE SUMMARY FOR APRIL 23 2015...
VALID TODAY AS OF 0400 PM LOCAL TIME.

CLIMATE NORMAL PERIOD 1981 TO 2010
CLIMATE RECORD PERIOD 1981 TO 2015


WEATHER ITEM   OBSERVED TIME   RECORD YEAR NORMAL DEPARTURE LAST
                VALUE   (LST)  VALUE       VALUE  FROM      YEAR
                                                  NORMAL
..................................................................
TEMPERATURE (F)
 TODAY
  MAXIMUM         60    216 PM  88    1988  70    -10       64
  MINIMUM         36    556 AM  25    1986  49    -13       42
  AVERAGE         48                        60    -12       53

PRECIPITATION (IN)
  TODAY            0.00          1.82 1995   0.14  -0.14     0.00
  MONTH TO DATE    9.54                      2.88   6.66     2.47
  SINCE MAR 1     15.80                      7.00   8.80     7.98
  SINCE JAN 1     21.98                     14.36   7.62    15.60

SNOWFALL (IN)
  TODAY            0.0                       0.0    0.0      0.0
  MONTH TO DATE    0.0                       1.0   -1.0      1.0
  SINCE MAR 1      3.7                       3.9   -0.2     11.9
  SINCE JUL 1     29.1                      23.5    5.6     38.9
  SNOW DEPTH       0

DEGREE DAYS
 HEATING
  TODAY           17                         7     10       12
  MONTH TO DATE  134                       226    -92      141
  SINCE MAR 1    682                       779    -97      808
  SINCE JUL 1   4447                      4079    368     4409

 COOLING
  TODAY            0                         2     -2        0
  MONTH TO DATE   25                        27     -2       28
  SINCE MAR 1     25                        34     -9       28
  SINCE JAN 1     25                        34     -9       28
..................................................................


WIND (MPH)
  HIGHEST WIND SPEED    17   HIGHEST WIND DIRECTION    NW (310)
  HIGHEST GUST SPEED    28   HIGHEST GUST DIRECTION     W (270)
  AVERAGE WIND SPEED     5.7


SKY COVER
  POSSIBLE SUNSHINE  MM
  AVERAGE SKY COVER 0.0


WEATHER CONDITIONS
 THE FOLLOWING WEATHER WAS RECORDED TODAY.
  NO SIGNIFICANT WEATHER WAS OBSERVED.


RELATIVE HUMIDITY (PERCENT)
 HIGHEST    75           600 AM
 LOWEST     18           100 PM
 AVERAGE    47

..........................................................


THE JACKSON KY CLIMATE NORMALS FOR TOMORROW
                         NORMAL    RECORD    YEAR
 MAXIMUM TEMPERATURE (F)   70        90      2009
 MINIMUM TEMPERATURE (F)   49        32      2005


SUNRISE AND SUNSET
APRIL 23 2015.........SUNRISE   648 AM EDT   SUNSET   816 PM EDT
APRIL 24 2015.........SUNRISE   647 AM EDT   SUNSET   817 PM EDT


-  INDICATES NEGATIVE NUMBERS.
R  INDICATES RECORD WAS SET OR TIED.
MM INDICATES DATA IS MISSING.
T  INDICATES TRACE AMOUNT.




$$
