000
CDUS43 KJKL 080543
CLIJKL

CLIMATE REPORT
NATIONAL WEATHER SERVICE JACKSON KY
143 AM EDT WED APR 8 2015
...................................

...THE JACKSON KY CLIMATE SUMMARY FOR APRIL 7 2015...

CLIMATE NORMAL PERIOD 1981 TO 2010
CLIMATE RECORD PERIOD 1981 TO 2015

WEATHER ITEM   OBSERVED TIME   RECORD YEAR NORMAL DEPARTURE LAST
                VALUE   (LST)  VALUE       VALUE  FROM      YEAR
                                                  NORMAL
..................................................................
TEMPERATURE (F)
 YESTERDAY
  MAXIMUM         67    437 PM  85    2010  66      1       68
  MINIMUM         56    742 AM  20    1982  44     12       50
  AVERAGE         62                        55      7       59

PRECIPITATION (IN)
  YESTERDAY        1.08          1.19 2006   0.12   0.96     0.09
  MONTH TO DATE    5.58                      0.86   4.72     2.07
  SINCE MAR 1     11.84                      4.98   6.86     7.58
  SINCE JAN 1     18.02                     12.34   5.68    15.20

SNOWFALL (IN)
  YESTERDAY        0.0           T    2007   0.0    0.0      0.0
                                      1994
  MONTH TO DATE    0.0                       0.4   -0.4      0.0
  SINCE MAR 1      3.7                       3.3    0.4     10.9
  SINCE JUL 1     29.1                      22.9    6.2     37.9
  SNOW DEPTH       0

DEGREE DAYS
 HEATING
  YESTERDAY        3                        11     -8        6
  MONTH TO DATE   56                        84    -28       45
  SINCE MAR 1    604                       637    -33      712
  SINCE JUL 1   4369                      3937    432     4313

 COOLING
  YESTERDAY        0                         1     -1        0
  MONTH TO DATE    0                         7     -7        6
  SINCE MAR 1      0                        14    -14        6
  SINCE JAN 1      0                        14    -14        6
..................................................................

WIND (MPH)
  HIGHEST WIND SPEED    15   HIGHEST WIND DIRECTION     W (270)
  HIGHEST GUST SPEED    22   HIGHEST GUST DIRECTION     W (280)
  AVERAGE WIND SPEED     3.7

SKY COVER
  POSSIBLE SUNSHINE  MM
  AVERAGE SKY COVER 0.9

WEATHER CONDITIONS
 THE FOLLOWING WEATHER WAS RECORDED YESTERDAY.
  THUNDERSTORM
  HEAVY RAIN
  RAIN
  LIGHT RAIN
  FOG
  FOG W/VISIBILITY <= 1/4 MILE

RELATIVE HUMIDITY (PERCENT)
 HIGHEST   100           800 AM
 LOWEST     72          1200 AM
 AVERAGE    86
..........................................................

THE JACKSON KY CLIMATE NORMALS FOR TODAY
                         NORMAL    RECORD    YEAR
 MAXIMUM TEMPERATURE (F)   66        87      2001
 MINIMUM TEMPERATURE (F)   44        21      2007

SUNRISE AND SUNSET
APRIL  8 2015.........SUNRISE   709 AM EDT   SUNSET   802 PM EDT
APRIL  9 2015.........SUNRISE   707 AM EDT   SUNSET   803 PM EDT

-  INDICATES NEGATIVE NUMBERS.
R  INDICATES RECORD WAS SET OR TIED.
MM INDICATES DATA IS MISSING.
T  INDICATES TRACE AMOUNT.

$$
