000
CDUS43 KJKL 212020
CLIJKL

CLIMATE REPORT
NATIONAL WEATHER SERVICE JACKSON KY
420 PM EDT TUE APR 21 2015

...................................

...THE JACKSON KY CLIMATE SUMMARY FOR APRIL 21 2015...
VALID TODAY AS OF 0400 PM LOCAL TIME.

CLIMATE NORMAL PERIOD 1981 TO 2010
CLIMATE RECORD PERIOD 1981 TO 2015

WEATHER ITEM   OBSERVED TIME   RECORD YEAR NORMAL DEPARTURE LAST
                VALUE   (LST)  VALUE       VALUE  FROM      YEAR
                                                  NORMAL
..................................................................
TEMPERATURE (F)
 TODAY
  MAXIMUM         63    128 PM  89    1985  70     -7       80
  MINIMUM         44    618 AM  34    1993  48     -4       54
                                      1983
                                      1981
  AVERAGE         54                        59     -5       67

PRECIPITATION (IN)
  TODAY            0.00          0.77 2002   0.12  -0.12     0.00
  MONTH TO DATE    9.45                      2.61   6.84     2.43
  SINCE MAR 1     15.71                      6.73   8.98     7.94
  SINCE JAN 1     21.89                     14.09   7.80    15.56

SNOWFALL (IN)
  TODAY            0.0                       0.1   -0.1      0.0
  MONTH TO DATE    0.0                       1.0   -1.0      1.0
  SINCE MAR 1      3.7                       3.9   -0.2     11.9
  SINCE JUL 1     29.1                      23.5    5.6     38.9
  SNOW DEPTH       0

DEGREE DAYS
 HEATING
  TODAY           11                         8      3        0
  MONTH TO DATE  106                       212   -106      128
  SINCE MAR 1    654                       765   -111      795
  SINCE JUL 1   4419                      4065    354     4396

 COOLING
  TODAY            0                         2     -2        2
  MONTH TO DATE   25                        23      2       28
  SINCE MAR 1     25                        30     -5       28
  SINCE JAN 1     25                        30     -5       28
..................................................................

WIND (MPH)
  HIGHEST WIND SPEED    16   HIGHEST WIND DIRECTION     W (270)
  HIGHEST GUST SPEED    25   HIGHEST GUST DIRECTION     W (270)
  AVERAGE WIND SPEED     4.8

SKY COVER
  POSSIBLE SUNSHINE  MM
  AVERAGE SKY COVER 0.5

WEATHER CONDITIONS
 THE FOLLOWING WEATHER WAS RECORDED TODAY.
  NO SIGNIFICANT WEATHER WAS OBSERVED.

RELATIVE HUMIDITY (PERCENT)
 HIGHEST    80          1200 AM
 LOWEST     27          1200 PM
 AVERAGE    54
..........................................................

THE JACKSON KY CLIMATE NORMALS FOR TOMORROW
                         NORMAL    RECORD    YEAR
 MAXIMUM TEMPERATURE (F)   70        89      1985
 MINIMUM TEMPERATURE (F)   49        29      1986

SUNRISE AND SUNSET
APRIL 21 2015.........SUNRISE   651 AM EDT   SUNSET   814 PM EDT
APRIL 22 2015.........SUNRISE   649 AM EDT   SUNSET   815 PM EDT

-  INDICATES NEGATIVE NUMBERS.
R  INDICATES RECORD WAS SET OR TIED.
MM INDICATES DATA IS MISSING.
T  INDICATES TRACE AMOUNT.

$$

TAB
