000
CDUS43 KJKL 200524
CLIJKL

CLIMATE REPORT
NATIONAL WEATHER SERVICE JACKSON KY
124 AM EDT MON APR 20 2015

...................................

...THE JACKSON KY CLIMATE SUMMARY FOR APRIL 19 2015...

CLIMATE NORMAL PERIOD 1981 TO 2010
CLIMATE RECORD PERIOD 1981 TO 2015


WEATHER ITEM   OBSERVED TIME   RECORD YEAR NORMAL DEPARTURE LAST
                VALUE   (LST)  VALUE       VALUE  FROM      YEAR
                                                  NORMAL
..................................................................
TEMPERATURE (F)
 YESTERDAY
  MAXIMUM         69    712 PM  89    2002  69      0       75
  MINIMUM         61   1159 PM  24    1983  48     13       53
  AVERAGE         65                        58      7       64

PRECIPITATION (IN)
  YESTERDAY        0.27          0.83 1998   0.13   0.14     0.00
  MONTH TO DATE    9.38                      2.36   7.02     2.43
  SINCE MAR 1     15.64                      6.48   9.16     7.94
  SINCE JAN 1     21.82                     13.84   7.98    15.56

SNOWFALL (IN)
  YESTERDAY        0.0           0.0  2002   0.0    0.0      0.0
  MONTH TO DATE    0.0                       0.9   -0.9      1.0
  SINCE MAR 1      3.7                       3.8   -0.1     11.9
  SINCE JUL 1     29.1                      23.4    5.7     38.9
  SNOW DEPTH       0

DEGREE DAYS
 HEATING
  YESTERDAY        0                         8     -8        1
  MONTH TO DATE   91                       196   -105      128
  SINCE MAR 1    639                       749   -110      795
  SINCE JUL 1   4404                      4049    355     4396

 COOLING
  YESTERDAY        0                         1     -1        0
  MONTH TO DATE   25                        19      6       25
  SINCE MAR 1     25                        26     -1       25
  SINCE JAN 1     25                        26     -1       25
..................................................................

WIND (MPH)
  HIGHEST WIND SPEED    13   HIGHEST WIND DIRECTION    SE (150)
  HIGHEST GUST SPEED    22   HIGHEST GUST DIRECTION     S (180)
  AVERAGE WIND SPEED     5.6

SKY COVER
  POSSIBLE SUNSHINE  MM
  AVERAGE SKY COVER 0.8

WEATHER CONDITIONS
 THE FOLLOWING WEATHER WAS RECORDED YESTERDAY.
  RAIN
  LIGHT RAIN
  FOG

RELATIVE HUMIDITY (PERCENT)
 HIGHEST    97          1100 PM
 LOWEST     39           100 AM
 AVERAGE    68

..........................................................

THE JACKSON KY CLIMATE NORMALS FOR TODAY
                         NORMAL    RECORD    YEAR
 MAXIMUM TEMPERATURE (F)   70        86      1992
                                             1985
 MINIMUM TEMPERATURE (F)   48        27      1983

SUNRISE AND SUNSET
APRIL 20 2015.........SUNRISE   652 AM EDT   SUNSET   813 PM EDT
APRIL 21 2015.........SUNRISE   651 AM EDT   SUNSET   814 PM EDT

-  INDICATES NEGATIVE NUMBERS.
R  INDICATES RECORD WAS SET OR TIED.
MM INDICATES DATA IS MISSING.
T  INDICATES TRACE AMOUNT.

$$
