000
CDUS43 KJKL 140534
CLIJKL

CLIMATE REPORT
NATIONAL WEATHER SERVICE JACKSON KY
120 AM EDT TUE APR 14 2015

...................................

...THE JACKSON KY CLIMATE SUMMARY FOR APRIL 13 2015...

CLIMATE NORMAL PERIOD 1981 TO 2010
CLIMATE RECORD PERIOD 1981 TO 2015

WEATHER ITEM   OBSERVED TIME   RECORD YEAR NORMAL DEPARTURE LAST
                VALUE   (LST)  VALUE       VALUE  FROM      YEAR
                                                  NORMAL
..................................................................
TEMPERATURE (F)
 YESTERDAY
  MAXIMUM         81    204 PM  85    2014  68     13       85
  MINIMUM         60    630 AM  33    1990  46     14       64
  AVERAGE         71                        57     14       75

PRECIPITATION (IN)
  YESTERDAY        0.28          1.25 2004   0.13   0.15     0.00
  MONTH TO DATE    6.61                      1.63   4.98     2.15
  SINCE MAR 1     12.87                      5.75   7.12     7.66
  SINCE JAN 1     19.05                     13.11   5.94    15.28

SNOWFALL (IN)
  YESTERDAY        0.0           T    2008   0.0    0.0      0.0
                                      1997
  MONTH TO DATE    0.0                       0.7   -0.7      0.0
  SINCE MAR 1      3.7                       3.6    0.1     10.9
  SINCE JUL 1     29.1                      23.2    5.9     37.9
  SNOW DEPTH       0

DEGREE DAYS
 HEATING
  YESTERDAY        0                         9     -9        0
  MONTH TO DATE   69                       145    -76       73
  SINCE MAR 1    617                       698    -81      740
  SINCE JUL 1   4382                      3998    384     4341

 COOLING
  YESTERDAY        6                         1      5       10
  MONTH TO DATE   18                        13      5       22
  SINCE MAR 1     18                        20     -2       22
  SINCE JAN 1     18                        20     -2       22
..................................................................

WIND (MPH)
  HIGHEST WIND SPEED    14   HIGHEST WIND DIRECTION     S (190)
  HIGHEST GUST SPEED    23   HIGHEST GUST DIRECTION     S (160)
  AVERAGE WIND SPEED     3.3

SKY COVER
  POSSIBLE SUNSHINE  MM
  AVERAGE SKY COVER 0.5

WEATHER CONDITIONS
 THE FOLLOWING WEATHER WAS RECORDED YESTERDAY.
  HEAVY RAIN
  RAIN
  LIGHT RAIN
  FOG
  FOG W/VISIBILITY <= 1/4 MILE

RELATIVE HUMIDITY (PERCENT)
 HIGHEST   100          1000 PM
 LOWEST     42          1200 PM
 AVERAGE    71
..........................................................

THE JACKSON KY CLIMATE NORMALS FOR TODAY
                         NORMAL    RECORD    YEAR
 MAXIMUM TEMPERATURE (F)   68        87      2006
 MINIMUM TEMPERATURE (F)   46        29      1997

SUNRISE AND SUNSET
APRIL 14 2015.........SUNRISE   700 AM EDT   SUNSET   808 PM EDT
APRIL 15 2015.........SUNRISE   659 AM EDT   SUNSET   809 PM EDT

-  INDICATES NEGATIVE NUMBERS.
R  INDICATES RECORD WAS SET OR TIED.
MM INDICATES DATA IS MISSING.
T  INDICATES TRACE AMOUNT.

$$

SHALLENBERGER
