000
CDUS43 KJKL 292021
CLIJKL

CLIMATE REPORT
NATIONAL WEATHER SERVICE JACKSON KY
420 PM EDT WED APR 29 2015


...................................

...THE JACKSON KY CLIMATE SUMMARY FOR APRIL 29 2015...
VALID TODAY AS OF 0400 PM LOCAL TIME.

CLIMATE NORMAL PERIOD 1981 TO 2010
CLIMATE RECORD PERIOD 1981 TO 2015


WEATHER ITEM   OBSERVED TIME   RECORD YEAR NORMAL DEPARTURE LAST
                VALUE   (LST)  VALUE       VALUE  FROM      YEAR
                                                  NORMAL
..................................................................
TEMPERATURE (F)
 TODAY
  MAXIMUM         70    259 PM  84    1996  72     -2       81
  MINIMUM         46    600 AM  35    2008  51     -5       54
  AVERAGE         58                        61     -3       68

PRECIPITATION (IN)
  TODAY            0.00          1.79 2005   0.14  -0.14     0.92
  MONTH TO DATE   10.11                      3.70   6.41     4.65
  SINCE MAR 1     16.37                      7.82   8.55    10.16
  SINCE JAN 1     22.55                     15.18   7.37    17.78

SNOWFALL (IN)
  TODAY            0.0                       0.0    0.0      0.0
  MONTH TO DATE    0.0                       1.0   -1.0      1.0
  SINCE MAR 1      3.7                       3.9   -0.2     11.9
  SINCE JUL 1     29.1                      23.5    5.6     38.9
  SNOW DEPTH       0

DEGREE DAYS
 HEATING
  TODAY            7                         6      1        0
  MONTH TO DATE  199                       264    -65      153
  SINCE MAR 1    747                       817    -70      820
  SINCE JUL 1   4512                      4117    395     4421

 COOLING
  TODAY            0                         2     -2        3
  MONTH TO DATE   25                        39    -14       39
  SINCE MAR 1     25                        46    -21       39
  SINCE JAN 1     25                        46    -21       39
..................................................................


WIND (MPH)
  HIGHEST WIND SPEED    10   HIGHEST WIND DIRECTION    NW (320)
  HIGHEST GUST SPEED    14   HIGHEST GUST DIRECTION    NW (310)
  AVERAGE WIND SPEED     1.9


SKY COVER
  POSSIBLE SUNSHINE  MM
  AVERAGE SKY COVER 0.0


WEATHER CONDITIONS
 THE FOLLOWING WEATHER WAS RECORDED TODAY.
  NO SIGNIFICANT WEATHER WAS OBSERVED.


RELATIVE HUMIDITY (PERCENT)
 HIGHEST    71           600 AM
 LOWEST     31           300 PM
 AVERAGE    51

..........................................................


THE JACKSON KY CLIMATE NORMALS FOR TOMORROW
                         NORMAL    RECORD    YEAR
 MAXIMUM TEMPERATURE (F)   72        88      1986
 MINIMUM TEMPERATURE (F)   51        33      2008


SUNRISE AND SUNSET
APRIL 29 2015.........SUNRISE   641 AM EDT   SUNSET   821 PM EDT
APRIL 30 2015.........SUNRISE   639 AM EDT   SUNSET   822 PM EDT


-  INDICATES NEGATIVE NUMBERS.
R  INDICATES RECORD WAS SET OR TIED.
MM INDICATES DATA IS MISSING.
T  INDICATES TRACE AMOUNT.




$$
