000
CDUS43 KJKL 130529
CLIJKL

CLIMATE REPORT
NATIONAL WEATHER SERVICE JACKSON KY
129 AM EDT MON APR 13 2015

...................................

...THE JACKSON KY CLIMATE SUMMARY FOR APRIL 12 2015...

CLIMATE NORMAL PERIOD 1981 TO 2010
CLIMATE RECORD PERIOD 1981 TO 2015

WEATHER ITEM   OBSERVED TIME   RECORD YEAR NORMAL DEPARTURE LAST
                VALUE   (LST)  VALUE       VALUE  FROM      YEAR
                                                  NORMAL
..................................................................
TEMPERATURE (F)
 YESTERDAY
  MAXIMUM         82    346 PM  83    2014  67     15       83
  MINIMUM         47    636 AM  30    2012  46      1       55
  AVERAGE         65                        56      9       69

PRECIPITATION (IN)
  YESTERDAY        0.00          0.95 2011   0.12  -0.12     0.00
  MONTH TO DATE    6.33                      1.50   4.83     2.15
  SINCE MAR 1     12.59                      5.62   6.97     7.66
  SINCE JAN 1     18.77                     12.98   5.79    15.28

SNOWFALL (IN)
  YESTERDAY        0.0           0.0  2002   0.1   -0.1      0.0
  MONTH TO DATE    0.0                       0.7   -0.7      0.0
  SINCE MAR 1      3.7                       3.6    0.1     10.9
  SINCE JUL 1     29.1                      23.2    5.9     37.9
  SNOW DEPTH       0

DEGREE DAYS
 HEATING
  YESTERDAY        0                        10    -10        0
  MONTH TO DATE   69                       136    -67       73
  SINCE MAR 1    617                       689    -72      740
  SINCE JUL 1   4382                      3989    393     4341

 COOLING
  YESTERDAY        0                         1     -1        4
  MONTH TO DATE   12                        12      0       12
  SINCE MAR 1     12                        19     -7       12
  SINCE JAN 1     12                        19     -7       12
..................................................................

WIND (MPH)
  HIGHEST WIND SPEED     9   HIGHEST WIND DIRECTION    NW (300)
  HIGHEST GUST SPEED    15   HIGHEST GUST DIRECTION     S (200)
  AVERAGE WIND SPEED     3.7

SKY COVER
  POSSIBLE SUNSHINE  MM
  AVERAGE SKY COVER 0.0

WEATHER CONDITIONS
 THE FOLLOWING WEATHER WAS RECORDED YESTERDAY.
  NO SIGNIFICANT WEATHER WAS OBSERVED.

RELATIVE HUMIDITY (PERCENT)
 HIGHEST    45           600 AM
 LOWEST     21           300 PM
 AVERAGE    33
..........................................................

THE JACKSON KY CLIMATE NORMALS FOR TODAY
                         NORMAL    RECORD    YEAR
 MAXIMUM TEMPERATURE (F)   68        85      2014
 MINIMUM TEMPERATURE (F)   46        33      1990

SUNRISE AND SUNSET
APRIL 13 2015.........SUNRISE   702 AM EDT   SUNSET   807 PM EDT
APRIL 14 2015.........SUNRISE   700 AM EDT   SUNSET   808 PM EDT

-  INDICATES NEGATIVE NUMBERS.
R  INDICATES RECORD WAS SET OR TIED.
MM INDICATES DATA IS MISSING.
T  INDICATES TRACE AMOUNT.

$$

ABE
