000
CDUS43 KJKL 242019
CLIJKL

CLIMATE REPORT
NATIONAL WEATHER SERVICE JACKSON KY
419 PM EDT TUE MAR 24 2015

...................................
...THE JACKSON KY CLIMATE SUMMARY FOR MARCH 24 2015... VALID TODAY
AS OF 0400 PM LOCAL TIME.

CLIMATE NORMAL PERIOD 1981 TO 2010
CLIMATE RECORD PERIOD 1981 TO 2015

WEATHER ITEM   OBSERVED TIME   RECORD YEAR NORMAL DEPARTURE LAST
                VALUE   (LST)  VALUE       VALUE  FROM      YEAR
                                                  NORMAL
..................................................................
TEMPERATURE (F)
 TODAY
  MAXIMUM         61    259 PM  83    2007  61      0       46
  MINIMUM         36    643 AM  23    2014  40     -4       23
  AVERAGE         49                        50     -1       35

PRECIPITATION (IN)
  TODAY            0.00          0.86 2013   0.13  -0.13     0.00
  MONTH TO DATE    5.63                      3.19   2.44     3.64
  SINCE MAR 1      5.63                      3.19   2.44     3.64
  SINCE JAN 1     11.81                     10.55   1.26    11.26

SNOWFALL (IN)
  TODAY            0.0                       0.1   -0.1      0.0
  MONTH TO DATE    3.7                       2.5    1.2      8.0
  SINCE MAR 1      3.7                       2.5    1.2      8.0
  SINCE JUL 1     29.1                      22.1    7.0     35.0
  SNOW DEPTH       0

DEGREE DAYS
 HEATING
  TODAY           16                        15      1       30
  MONTH TO DATE  436                       455    -19      518
  SINCE MAR 1    436                       455    -19      518
  SINCE JUL 1   4201                      3755    446     4119

 COOLING
  TODAY            0                         0      0        0
  MONTH TO DATE    0                         0      0        0
  SINCE MAR 1      0                         0      0        0
  SINCE JAN 1      0                         0      0        0
..................................................................
WIND (MPH)
  HIGHEST WIND SPEED     9   HIGHEST WIND DIRECTION    NE (40)
  HIGHEST GUST SPEED    13   HIGHEST GUST DIRECTION    NE (40)
  AVERAGE WIND SPEED     4.1

SKY COVER
  POSSIBLE SUNSHINE  MM
  AVERAGE SKY COVER 0.5

WEATHER CONDITIONS
 THE FOLLOWING WEATHER WAS RECORDED TODAY.
  NO SIGNIFICANT WEATHER WAS OBSERVED.

RELATIVE HUMIDITY (PERCENT)
 HIGHEST    52           800 AM
 LOWEST     34          1200 AM
 AVERAGE    43
..........................................................

THE JACKSON KY CLIMATE NORMALS FOR TOMORROW
                         NORMAL    RECORD    YEAR
 MAXIMUM TEMPERATURE (F)   61        84      2007
 MINIMUM TEMPERATURE (F)   40        23      1983

SUNRISE AND SUNSET
MARCH 24 2015.........SUNRISE   731 AM EDT   SUNSET   749 PM EDT
MARCH 25 2015.........SUNRISE   730 AM EDT   SUNSET   750 PM EDT

-  INDICATES NEGATIVE NUMBERS.
R  INDICATES RECORD WAS SET OR TIED.
MM INDICATES DATA IS MISSING.
T  INDICATES TRACE AMOUNT.

$$

TAB
