000
CDUS43 KJKL 282025
CLIJKL

CLIMATE REPORT
NATIONAL WEATHER SERVICE JACKSON KY
424 PM EDT TUE APR 28 2015


...................................

...THE JACKSON KY CLIMATE SUMMARY FOR APRIL 28 2015...
VALID TODAY AS OF 0400 PM LOCAL TIME.

CLIMATE NORMAL PERIOD 1981 TO 2010
CLIMATE RECORD PERIOD 1981 TO 2015


WEATHER ITEM   OBSERVED TIME   RECORD YEAR NORMAL DEPARTURE LAST
                VALUE   (LST)  VALUE       VALUE  FROM      YEAR
                                                  NORMAL
..................................................................
TEMPERATURE (F)
 TODAY
  MAXIMUM         65    259 PM  85    1994  71     -6       73
  MINIMUM         39    607 AM  33    2010  50    -11       62
  AVERAGE         52                        61     -9       68

PRECIPITATION (IN)
  TODAY            0.00          0.89 2002   0.14  -0.14     0.34
  MONTH TO DATE   10.11                      3.56   6.55     3.73
  SINCE MAR 1     16.37                      7.68   8.69     9.24
  SINCE JAN 1     22.55                     15.04   7.51    16.86

SNOWFALL (IN)
  TODAY            0.0                       0.0    0.0      0.0
  MONTH TO DATE    0.0                       1.0   -1.0      1.0
  SINCE MAR 1      3.7                       3.9   -0.2     11.9
  SINCE JUL 1     29.1                      23.5    5.6     38.9
  SNOW DEPTH       0

DEGREE DAYS
 HEATING
  TODAY           13                         6      7        0
  MONTH TO DATE  192                       258    -66      153
  SINCE MAR 1    740                       811    -71      820
  SINCE JUL 1   4505                      4111    394     4421

 COOLING
  TODAY            0                         2     -2        3
  MONTH TO DATE   25                        37    -12       36
  SINCE MAR 1     25                        44    -19       36
  SINCE JAN 1     25                        44    -19       36
..................................................................


WIND (MPH)
  HIGHEST WIND SPEED     8   HIGHEST WIND DIRECTION    SE (120)
  HIGHEST GUST SPEED    15   HIGHEST GUST DIRECTION     E (70)
  AVERAGE WIND SPEED     2.0


SKY COVER
  POSSIBLE SUNSHINE  MM
  AVERAGE SKY COVER 0.1


WEATHER CONDITIONS
 THE FOLLOWING WEATHER WAS RECORDED TODAY.
  NO SIGNIFICANT WEATHER WAS OBSERVED.


RELATIVE HUMIDITY (PERCENT)
 HIGHEST    79           500 AM
 LOWEST     34           200 PM
 AVERAGE    57

..........................................................


THE JACKSON KY CLIMATE NORMALS FOR TOMORROW
                         NORMAL    RECORD    YEAR
 MAXIMUM TEMPERATURE (F)   72        84      1996
 MINIMUM TEMPERATURE (F)   51        35      2008


SUNRISE AND SUNSET
APRIL 28 2015.........SUNRISE   642 AM EDT   SUNSET   820 PM EDT
APRIL 29 2015.........SUNRISE   641 AM EDT   SUNSET   821 PM EDT


-  INDICATES NEGATIVE NUMBERS.
R  INDICATES RECORD WAS SET OR TIED.
MM INDICATES DATA IS MISSING.
T  INDICATES TRACE AMOUNT.




$$
