000
CDUS43 KJKL 210521
CLIJKL

CLIMATE REPORT
NATIONAL WEATHER SERVICE JACKSON KY
120 AM EDT TUE APR 21 2015

...................................

...THE JACKSON KY CLIMATE SUMMARY FOR APRIL 20 2015...

CLIMATE NORMAL PERIOD 1981 TO 2010
CLIMATE RECORD PERIOD 1981 TO 2015

WEATHER ITEM   OBSERVED TIME   RECORD YEAR NORMAL DEPARTURE LAST
                VALUE   (LST)  VALUE       VALUE  FROM      YEAR
                                                  NORMAL
..................................................................
TEMPERATURE (F)
 YESTERDAY
  MAXIMUM         71    244 PM  86    1992  70      1       78
                                      1985
  MINIMUM         50   1159 PM  27    1983  48      2       53
  AVERAGE         61                        59      2       66

PRECIPITATION (IN)
  YESTERDAY        0.07          1.09 1996   0.13  -0.06     0.00
  MONTH TO DATE    9.45                      2.49   6.96     2.43
  SINCE MAR 1     15.71                      6.61   9.10     7.94
  SINCE JAN 1     21.89                     13.97   7.92    15.56

SNOWFALL (IN)
  YESTERDAY        0.0           0.0  2002   0.0    0.0      0.0
  MONTH TO DATE    0.0                       0.9   -0.9      1.0
  SINCE MAR 1      3.7                       3.8   -0.1     11.9
  SINCE JUL 1     29.1                      23.4    5.7     38.9
  SNOW DEPTH       0

DEGREE DAYS
 HEATING
  YESTERDAY        4                         8     -4        0
  MONTH TO DATE   95                       204   -109      128
  SINCE MAR 1    643                       757   -114      795
  SINCE JUL 1   4408                      4057    351     4396

 COOLING
  YESTERDAY        0                         2     -2        1
  MONTH TO DATE   25                        21      4       26
  SINCE MAR 1     25                        28     -3       26
  SINCE JAN 1     25                        28     -3       26
..................................................................

WIND (MPH)
  HIGHEST WIND SPEED    21   HIGHEST WIND DIRECTION     W (270)
  HIGHEST GUST SPEED    33   HIGHEST GUST DIRECTION    NW (310)
  AVERAGE WIND SPEED     5.6

SKY COVER
  POSSIBLE SUNSHINE  MM
  AVERAGE SKY COVER 0.7

WEATHER CONDITIONS
 THE FOLLOWING WEATHER WAS RECORDED YESTERDAY.
  THUNDERSTORM
  LIGHT RAIN
  FOG

RELATIVE HUMIDITY (PERCENT)
 HIGHEST    90           100 AM
 LOWEST     47           300 PM
 AVERAGE    69
..........................................................

THE JACKSON KY CLIMATE NORMALS FOR TODAY
                         NORMAL    RECORD    YEAR
 MAXIMUM TEMPERATURE (F)   70        89      1985
 MINIMUM TEMPERATURE (F)   48        34      1993
                                             1983
                                             1981

SUNRISE AND SUNSET
APRIL 21 2015.........SUNRISE   651 AM EDT   SUNSET   814 PM EDT
APRIL 22 2015.........SUNRISE   649 AM EDT   SUNSET   815 PM EDT

-  INDICATES NEGATIVE NUMBERS.
R  INDICATES RECORD WAS SET OR TIED.
MM INDICATES DATA IS MISSING.
T  INDICATES TRACE AMOUNT.

$$
GREIF
