000
CDUS43 KJKL 170526
CLIJKL

CLIMATE REPORT
NATIONAL WEATHER SERVICE JACKSON KY
126 AM EDT FRI APR 17 2015

...................................

...THE JACKSON KY CLIMATE SUMMARY FOR APRIL 16 2015...

CLIMATE NORMAL PERIOD 1981 TO 2010
CLIMATE RECORD PERIOD 1981 TO 2015


WEATHER ITEM   OBSERVED TIME   RECORD YEAR NORMAL DEPARTURE LAST
                VALUE   (LST)  VALUE       VALUE  FROM      YEAR
                                                  NORMAL
..................................................................
TEMPERATURE (F)
 YESTERDAY
  MAXIMUM         68   1129 AM  87    2002  68      0       55
  MINIMUM         54    815 AM  27    2014  47      7       27
  AVERAGE         61                        58      3       41

PRECIPITATION (IN)
  YESTERDAY        0.40          2.10 1998   0.12   0.28     0.00
  MONTH TO DATE    9.11                      1.99   7.12     2.43
  SINCE MAR 1     15.37                      6.11   9.26     7.94
  SINCE JAN 1     21.55                     13.47   8.08    15.56

SNOWFALL (IN)
  YESTERDAY        0.0           T    1996   0.1   -0.1      0.0
                                      1986
  MONTH TO DATE    0.0                       0.9   -0.9      1.0
  SINCE MAR 1      3.7                       3.8   -0.1     11.9
  SINCE JUL 1     29.1                      23.4    5.7     38.9
  SNOW DEPTH       0

DEGREE DAYS
 HEATING
  YESTERDAY        4                         9     -5       24
  MONTH TO DATE   91                       172    -81      115
  SINCE MAR 1    639                       725    -86      782
  SINCE JUL 1   4404                      4025    379     4383

 COOLING
  YESTERDAY        0                         1     -1        0
  MONTH TO DATE   18                        16      2       25
  SINCE MAR 1     18                        23     -5       25
  SINCE JAN 1     18                        23     -5       25
..................................................................

WIND (MPH)
  HIGHEST WIND SPEED    10   HIGHEST WIND DIRECTION     W (250)
  HIGHEST GUST SPEED    18   HIGHEST GUST DIRECTION     W (270)
  AVERAGE WIND SPEED     2.4

SKY COVER
  POSSIBLE SUNSHINE  MM
  AVERAGE SKY COVER 0.8

WEATHER CONDITIONS
 THE FOLLOWING WEATHER WAS RECORDED YESTERDAY.
  THUNDERSTORM
  HEAVY RAIN
  RAIN
  LIGHT RAIN
  FOG
  HAZE

RELATIVE HUMIDITY (PERCENT)
 HIGHEST    90          1100 PM
 LOWEST     73          1200 PM
 AVERAGE    82

..........................................................

THE JACKSON KY CLIMATE NORMALS FOR TODAY
                         NORMAL    RECORD    YEAR
 MAXIMUM TEMPERATURE (F)   69        86      2002
 MINIMUM TEMPERATURE (F)   47        28      2001

SUNRISE AND SUNSET
APRIL 17 2015.........SUNRISE   656 AM EDT   SUNSET   810 PM EDT
APRIL 18 2015.........SUNRISE   655 AM EDT   SUNSET   811 PM EDT

-  INDICATES NEGATIVE NUMBERS.
R  INDICATES RECORD WAS SET OR TIED.
MM INDICATES DATA IS MISSING.
T  INDICATES TRACE AMOUNT.

$$
