000
CDUS43 KJKL 120601
CLIJKL

CLIMATE REPORT
NATIONAL WEATHER SERVICE JACKSON KY
201 AM EDT SUN APR 12 2015

...................................

...THE JACKSON KY CLIMATE SUMMARY FOR APRIL 11 2015...

CLIMATE NORMAL PERIOD 1981 TO 2010
CLIMATE RECORD PERIOD 1981 TO 2015

WEATHER ITEM   OBSERVED TIME   RECORD YEAR NORMAL DEPARTURE LAST
                VALUE   (LST)  VALUE       VALUE  FROM      YEAR
                                                  NORMAL
..................................................................
TEMPERATURE (F)
 YESTERDAY
  MAXIMUM         66    458 PM  85    2011  67     -1       75
                                      2001
  MINIMUM         45    650 AM  27    1989  45      0       59
  AVERAGE         56                        56      0       67

PRECIPITATION (IN)
  YESTERDAY        0.00          0.88 2008   0.13  -0.13     0.01
  MONTH TO DATE    6.33                      1.38   4.95     2.15
  SINCE MAR 1     12.59                      5.50   7.09     7.66
  SINCE JAN 1     18.77                     12.86   5.91    15.28

SNOWFALL (IN)
  YESTERDAY        0.0           T    1990   0.0    0.0      0.0
  MONTH TO DATE    0.0                       0.6   -0.6      0.0
  SINCE MAR 1      3.7                       3.5    0.2     10.9
  SINCE JUL 1     29.1                      23.1    6.0     37.9
  SNOW DEPTH       0

DEGREE DAYS
 HEATING
  YESTERDAY        9                        10     -1        0
  MONTH TO DATE   69                       126    -57       73
  SINCE MAR 1    617                       679    -62      740
  SINCE JUL 1   4382                      3979    403     4341

 COOLING
  YESTERDAY        0                         1     -1        2
  MONTH TO DATE   12                        11      1        8
  SINCE MAR 1     12                        18     -6        8
  SINCE JAN 1     12                        18     -6        8
..................................................................

WIND (MPH)
  HIGHEST WIND SPEED     8   HIGHEST WIND DIRECTION     N (10)
  HIGHEST GUST SPEED    14   HIGHEST GUST DIRECTION    NW (330)
  AVERAGE WIND SPEED     3.3

SKY COVER
  POSSIBLE SUNSHINE  MM
  AVERAGE SKY COVER 0.0

WEATHER CONDITIONS
 THE FOLLOWING WEATHER WAS RECORDED YESTERDAY.
  NO SIGNIFICANT WEATHER WAS OBSERVED.

RELATIVE HUMIDITY (PERCENT)
 HIGHEST    66          1200 AM
 LOWEST     22           300 PM
 AVERAGE    44
..........................................................

THE JACKSON KY CLIMATE NORMALS FOR TODAY
                         NORMAL    RECORD    YEAR
 MAXIMUM TEMPERATURE (F)   67        83      2014
 MINIMUM TEMPERATURE (F)   46        30      2012

SUNRISE AND SUNSET
APRIL 12 2015.........SUNRISE   703 AM EDT   SUNSET   806 PM EDT
APRIL 13 2015.........SUNRISE   702 AM EDT   SUNSET   807 PM EDT

-  INDICATES NEGATIVE NUMBERS.
R  INDICATES RECORD WAS SET OR TIED.
MM INDICATES DATA IS MISSING.
T  INDICATES TRACE AMOUNT.

$$

RAY
