000
CXUS53 KJKL 011636 CCB
CLMJKL

CLIMATE REPORT...CORRECTION
NATIONAL WEATHER SERVICE JACKSON KY
1114 AM EST SUN FEB 1 2015

...................................

...THE JACKSON KY CLIMATE SUMMARY FOR THE MONTH OF JANUARY 2015...

CLIMATE NORMAL PERIOD 1981 TO 2010
CLIMATE RECORD PERIOD 1981 TO 2015

WEATHER         OBSERVED          NORMAL  DEPART  LAST YEAR`S
                 VALUE   DATE(S)  VALUE   FROM    VALUE  DATE(S)
                                          NORMAL
................................................................
TEMPERATURE (F)
RECORD
 HIGH              78   01/31/2002
 LOW              -18   01/19/1994
                        01/21/1985
                        01/20/1985
HIGHEST            64   01/03        66      -2       59  01/11
LOWEST             -1   01/08         4      -5       -7  01/07
AVG. MAXIMUM     42.0              43.1    -1.1     38.5
AVG. MINIMUM     25.1              26.8    -1.7     17.3
MEAN             33.5              34.9    -1.4     27.9
DAYS MAX >= 90      0               0.0     0.0        0
DAYS MAX <= 32      6               6.1    -0.1        7
DAYS MIN <= 32     24              20.7     3.3       23
DAYS MIN <= 0       1               0.5     0.5        5

PRECIPITATION (INCHES)
RECORD
 MAXIMUM         7.28   1994
 MINIMUM         0.80   1981
TOTALS           2.12              3.61   -1.49     3.15
DAILY AVG.       0.07              0.12   -0.05     0.10
DAYS >= .01        13              14.1    -1.1       14
DAYS >= .10         5               7.3    -2.3       10
DAYS >= .50         1               2.4    -1.4        1
DAYS >= 1.00        0               0.8    -0.8        0
GREATEST
 24 HR. TOTAL    0.81   01/03 TO 01/04              0.87

SNOWFALL (INCHES)
RECORDS
 TOTAL           26.3   1994
TOTALS            2.7               7.1    -4.4     14.0
SINCE 7/1         3.9              12.6    -8.7     18.3
SNOWDEPTH AVG.      0                 2      -2        1
DAYS >= 1.0         1               2.2    -1.2        5
GREATEST
 SNOW DEPTH         2   01/24                          3
 24 HR TOTAL      1.5   01/24                        5.4

DEGREE_DAYS
HEATING TOTAL     969               932      37     1139
 SINCE 7/1       2714              2566     148     2784
COOLING TOTAL       0                 0       0        0
 SINCE 1/1          0                 0       0        0
.................................................................

WIND (MPH)
AVERAGE WIND SPEED              4.5
HIGHEST WIND SPEED/DIRECTION    21/250    DATE  01/09
HIGHEST GUST SPEED/DIRECTION    33/240    DATE  01/09

SKY COVER
POSSIBLE SUNSHINE (PERCENT)   MM
AVERAGE SKY COVER           0.60
NUMBER OF DAYS FAIR            9
NUMBER OF DAYS PC             11
NUMBER OF DAYS CLOUDY         11

AVERAGE RH (PERCENT)     65

WEATHER CONDITIONS. NUMBER OF DAYS WITH
THUNDERSTORM              0     MIXED PRECIP               0
HEAVY RAIN                2     RAIN                       4
LIGHT RAIN               11     FREEZING RAIN              0
LT FREEZING RAIN          5     HAIL                       0
HEAVY SNOW                1     SNOW                       1
LIGHT SNOW               12     SLEET                      3
FOG                      15     FOG W/VIS <= 1/4 MILE      3
HAZE                      0

-  INDICATES NEGATIVE NUMBERS.
R  INDICATES RECORD WAS SET OR TIED.
MM INDICATES DATA IS MISSING.
T  INDICATES TRACE AMOUNT.

&&

RECORDS...

NEW LOW TEMPERATURE RECORD...

-1 ON THE 8TH

NEW SNOWFALL RECORD...

1.5 ON THE 24TH

$$

CARICO

...CORRECTED FOR MISSING LOW TEMPERATURE...
