000
CXUS53 KJKL 010727
CLMJKL

CLIMATE REPORT
NATIONAL WEATHER SERVICE JACKSON KY
227 AM EST THU JAN 1 2015

...................................

...THE JACKSON KY CLIMATE SUMMARY FOR THE MONTH OF DECEMBER 2014...

CLIMATE NORMAL PERIOD 1981 TO 2010
CLIMATE RECORD PERIOD 1981 TO 2014

WEATHER         OBSERVED          NORMAL  DEPART  LAST YEAR`S
                 VALUE   DATE(S)  VALUE   FROM    VALUE  DATE(S)
                                          NORMAL
................................................................
TEMPERATURE (F)
RECORD
 HIGH              79   12/03/1982
 LOW              -13   12/22/1989
HIGHEST            66   12/24        66       0       73  12/21
LOWEST             20   12/31        10      10       16  12/25
AVG. MAXIMUM     47.3              46.0     1.3     48.0
AVG. MINIMUM     33.4              30.2     3.2     32.5
MEAN             40.4              38.1     2.3     40.3
DAYS MAX >= 90      0               0.0     0.0        0
DAYS MAX <= 32      0               4.0    -4.0        3
DAYS MIN <= 32     14              17.9    -3.9       19
DAYS MIN <= 0       0               0.3    -0.3        0

PRECIPITATION (INCHES)
RECORD
 MAXIMUM        12.97   1990
 MINIMUM         1.74   1985
TOTALS           2.49              4.18   -1.69     7.09
DAILY AVG.       0.08              0.13   -0.05     0.23
DAYS >= .01        15              14.0     1.0       15
DAYS >= .10         7               8.2    -1.2       10
DAYS >= .50         0               2.7    -2.7        5
DAYS >= 1.00        0               1.0    -1.0        3
GREATEST
 24 HR. TOTAL    0.57   12/01 TO 12/02              2.87

SNOWFALL (INCHES)
RECORDS
 TOTAL           18.5   2010
TOTALS              T               4.9    -4.9      1.4
SINCE 7/1         1.2               5.5    -4.3      4.3
SNOWDEPTH AVG.      0                MM      MM        0
DAYS >= 1.0         0               1.8    -1.8        1
GREATEST
 SNOW DEPTH         0   MM                             1
 24 HR TOTAL        T   12/10 TO 12/10               1.0

DEGREE_DAYS
HEATING TOTAL     755               834     -79      758
 SINCE 7/1       1745              1634     111     1645
COOLING TOTAL       0                 1      -1        0
 SINCE 1/1       1165              1155      10     1069
.................................................................

WIND (MPH)
AVERAGE WIND SPEED              3.8
HIGHEST WIND SPEED/DIRECTION    23/260    DATE  12/24
HIGHEST GUST SPEED/DIRECTION    38/250    DATE  12/24

SKY COVER
POSSIBLE SUNSHINE (PERCENT)   MM
AVERAGE SKY COVER           0.70
NUMBER OF DAYS FAIR            6
NUMBER OF DAYS PC             10
NUMBER OF DAYS CLOUDY         15

AVERAGE RH (PERCENT)     73

WEATHER CONDITIONS. NUMBER OF DAYS WITH
THUNDERSTORM              1     MIXED PRECIP               0
HEAVY RAIN                3     RAIN                       7
LIGHT RAIN               16     FREEZING RAIN              0
LT FREEZING RAIN          0     HAIL                       0
HEAVY SNOW                0     SNOW                       0
LIGHT SNOW                1     SLEET                      0
FOG                      14     FOG W/VIS <= 1/4 MILE      5
HAZE                      2

-  INDICATES NEGATIVE NUMBERS.
R  INDICATES RECORD WAS SET OR TIED.
MM INDICATES DATA IS MISSING.
T  INDICATES TRACE AMOUNT.

&&

RECORDS...

TIED HIGH TEMPERATURE RECORDS...

63 ON THE 23RD

NEW MAXIMUM LOW TEMPERATURE RECORDS...

50 ON THE 23RD

$$

CARICO
