000
CXUS55 KJKL 011401
CF6LOZ
PRELIMINARY LOCAL CLIMATOLOGICAL DATA (WS FORM: F-6)

                                          STATION:   LONDON KY
                                          MONTH:     FEBRUARY
                                          YEAR:      2015
                                          LATITUDE:   37  4 N
                                          LONGITUDE:  84  5 W

  TEMPERATURE IN F:       :PCPN:    SNOW:  WIND      :SUNSHINE: SKY     :PK WND
================================================================================
1   2   3   4   5  6A  6B    7    8   9   10  11  12  13   14  15   16   17  18
                                     12Z  AVG MX 2MIN
DY MAX MIN AVG DEP HDD CDD  WTR  SNW DPTH SPD SPD DIR MIN PSBL S-S WX    SPD DR
================================================================================

 1  54  35  45   8  20   0 0.96    M    M  7.6 22 180   M    M   9 1      29 180
 2  52  26  39   2  26   0 0.12    M    M 12.3 28 290   M    M  10 1      37 290
 3  42  22  32  -5  33   0 0.00    M    M  4.9 12 180   M    M   4        14 220
 4  54  24  39   2  26   0 0.00    M    M  5.4 15 250   M    M   1        19 250
 5  44  18  31  -6  34   0    T    M    M  9.0 18 350   M    M   5 8      24 360
 6  45  13  29  -9  36   0 0.00    M    M  3.0 12 230   M    M   0        16 220
 7  64  28  46   8  19   0 0.00    M    M  9.2 20 200   M    M   0        26 210
 8  59  49  54  16  11   0    T    M    M  8.5 20 220   M    M   6        27 230
 9  55  30  43   5  22   0 0.06    M    M  6.2 16 360   M    M   9 168    21 350
10  32  26  29  -9  36   0    T    M    M  6.4 13 360   M    M  10 168    16 340
11  46  25  36  -3  29   0 0.00    M    M  4.2 12 300   M    M   6 8      17 270
12  40  21  31  -8  34   0 0.01    M    M 11.0 24 300   M    M  10 8      33 300
13  35  16  26 -13  39   0    T    M    M  4.3 13 350   M    M   2        15 350
14  38  12  25 -14  40   0 0.04    M    M 14.3 25 350   M    M   9        35 330
15  23   7  15 -25  50   0 0.00    M    M  6.9 16 340   M    M   3        23 340
16  20  14  17 -23  48   0 0.86    M    M  6.3 12 120   M    M  10        16  80
17  27   6  17 -23  48   0    T    M    M  3.0 10 310   M    M   5        14 320
18  24   3  14 -26  51   0 0.04    M    M 11.6 28 290   M    M   7 8      39 290
19  10  -9   1 -39  64   0 0.00    M    M  6.9 18 300   M    M   3 8      22 290
20  28 -17   6 -35  59   0 0.03    M    M  3.0 12 190   M    M   3 8      15 190
21  39  27  33  -8  32   0 2.94    M    M  7.7 22 180   M    M  10 16     33 160
22  38  32  35  -6  30   0 0.03    M    M  6.3 12  10   M    M  10 1      14  20
23  33  15  24 -18  41   0 0.00    M    M  9.6 16 340   M    M   6        20 350
24  35  15  25 -17  40   0 0.00    M    M  5.3 17 250   M    M   5        22 250
25  37  18  28 -14  37   0 0.00    M    M  2.4  9 350   M    M   4        12 340
26  41  26  34  -8  31   0    T    M    M  6.4 13 350   M    M   7        19 340
27  29  14  22 -21  43   0    T    M    M  6.8 13 340   M    M   2 8      17 340
28  45  19  32 -11  33   0 0.00    M    M  3.9  9  40   M    M   7        12  60
================================================================================
SM 1089  515      1012   0  5.09    M    192.4          M      163
================================================================================
AV 38.9 18.4                               6.9 FASTST   M    M   6    MAX(MPH)
                                 MISC ---->  # 28 290               # 39  290
================================================================================
NOTES:
# LAST OF SEVERAL OCCURRENCES

COLUMN 17 PEAK WIND IN M.P.H.

PRELIMINARY LOCAL CLIMATOLOGICAL DATA (WS FORM: F-6) , PAGE 2

                                          STATION:  LONDON KY
                                          MONTH:    FEBRUARY
                                          YEAR:     2015
                                          LATITUDE:   37  4 N
                                          LONGITUDE:  84  5 W

[TEMPERATURE DATA]      [PRECIPITATION DATA]       SYMBOLS USED IN COLUMN 16

AVERAGE MONTHLY: 28.6   TOTAL FOR MONTH:   5.09    1 = FOG OR MIST
DPTR FM NORMAL: -10.9   DPTR FM NORMAL:    1.38    2 = FOG REDUCING VISIBILITY
HIGHEST:    64 ON  7    GRTST 24HR  2.94 ON 21-21      TO 1/4 MILE OR LESS
LOWEST:    -17 ON 20                               3 = THUNDER
                        SNOW, ICE PELLETS, HAIL    4 = ICE PELLETS
                        TOTAL MONTH:    M          5 = HAIL
                        GRTST 24HR    M  ON   M    6 = FREEZING RAIN OR DRIZZLE
                        GRTST DEPTH:  M  ON   M    7 = DUSTSTORM OR SANDSTORM:
                                                       VSBY 1/2 MILE OR LESS
                                                   8 = SMOKE OR HAZE
[NO. OF DAYS WITH]      [WEATHER - DAYS WITH]      9 = BLOWING SNOW
                                                   X = TORNADO
MAX 32 OR BELOW:   8    0.01 INCH OR MORE:  10
MAX 90 OR ABOVE:   0    0.10 INCH OR MORE:   4
MIN 32 OR BELOW:  26    0.50 INCH OR MORE:   3
MIN  0 OR BELOW:   2    1.00 INCH OR MORE:   1

[HDD (BASE 65) ]
TOTAL THIS MO.  1012    CLEAR  (SCALE 0-3)   5
DPTR FM NORMAL   299    PTCLDY (SCALE 4-7)  14
TOTAL FM JUL 1  3621    CLOUDY (SCALE 8-10)  9
DPTR FM NORMAL   345

[CDD (BASE 65) ]
TOTAL THIS MO.     0
DPTR FM NORMAL     0    [PRESSURE DATA]
TOTAL FM JAN 1     0    HIGHEST SLP 30.67 ON 28
DPTR FM NORMAL     0    LOWEST  SLP 29.54 ON  1

[REMARKS]
#FINAL-02-15#
