000
CDUS43 KJKL 292021 RRA
CLILOZ

CLIMATE REPORT
NATIONAL WEATHER SERVICE JACKSON KY
420 PM EDT WED APR 29 2015


...................................

...THE LONDON KY CLIMATE SUMMARY FOR APRIL 29 2015...
VALID TODAY AS OF 0400 PM LOCAL TIME.

CLIMATE NORMAL PERIOD 1981 TO 2010
CLIMATE RECORD PERIOD 1954 TO 2015


WEATHER ITEM   OBSERVED TIME   RECORD YEAR NORMAL DEPARTURE LAST
                VALUE   (LST)  VALUE       VALUE  FROM      YEAR
                                                  NORMAL
..................................................................
TEMPERATURE (F)
 TODAY
  MAXIMUM         72    259 PM  86    1970  73     -1       81
  MINIMUM         46    642 AM  30    1961  49     -3       55
  AVERAGE         59                        60     -1       68

PRECIPITATION (IN)
  TODAY            0.00          1.33 1994   0.14  -0.14     0.74
  MONTH TO DATE    5.48                      3.92   1.56     3.97
  SINCE MAR 1     10.81                      7.97   2.84     9.14
  SINCE JAN 1     18.28                     15.22   3.06    15.65

SNOWFALL (IN)
  TODAY           MM
  MONTH TO DATE   MM
  SINCE MAR 1     MM
  SINCE JUL 1     MM
  SNOW DEPTH      MM

DEGREE DAYS
 HEATING
  TODAY            6                         6      0        0
  MONTH TO DATE  183                       270    -87      172
  SINCE MAR 1    707                       819   -112      823
  SINCE JUL 1   4328                      4095    233     4330

 COOLING
  TODAY            0                         1     -1        3
  MONTH TO DATE   23                        21      2       25
  SINCE MAR 1     23                        24     -1       25
  SINCE JAN 1     23                        24     -1       25
..................................................................


WIND (MPH)
  HIGHEST WIND SPEED    10   HIGHEST WIND DIRECTION     N (10)
  HIGHEST GUST SPEED    15   HIGHEST GUST DIRECTION     N (20)
  AVERAGE WIND SPEED     3.9


SKY COVER
  POSSIBLE SUNSHINE  MM
  AVERAGE SKY COVER 0.0


WEATHER CONDITIONS
 THE FOLLOWING WEATHER WAS RECORDED TODAY.
  NO SIGNIFICANT WEATHER WAS OBSERVED.


RELATIVE HUMIDITY (PERCENT)
 HIGHEST    71           300 AM
 LOWEST     28           100 PM
 AVERAGE    50

..........................................................


THE LONDON KY CLIMATE NORMALS FOR TOMORROW
                         NORMAL    RECORD    YEAR
 MAXIMUM TEMPERATURE (F)   73        89      1962
 MINIMUM TEMPERATURE (F)   49        33      2008
                                             1988


SUNRISE AND SUNSET
APRIL 29 2015.........SUNRISE   644 AM EDT   SUNSET   823 PM EDT
APRIL 30 2015.........SUNRISE   643 AM EDT   SUNSET   824 PM EDT


-  INDICATES NEGATIVE NUMBERS.
R  INDICATES RECORD WAS SET OR TIED.
MM INDICATES DATA IS MISSING.
T  INDICATES TRACE AMOUNT.




$$
