000
CDUS43 KJKL 160535
CLILOZ

CLIMATE REPORT
NATIONAL WEATHER SERVICE JACKSON KY
119 AM EDT THU APR 16 2015

...................................

...THE LONDON KY CLIMATE SUMMARY FOR APRIL 15 2015...

CLIMATE NORMAL PERIOD 1981 TO 2010
CLIMATE RECORD PERIOD 1954 TO 2015

WEATHER ITEM   OBSERVED TIME   RECORD YEAR NORMAL DEPARTURE LAST
                VALUE   (LST)  VALUE       VALUE  FROM      YEAR
                                                  NORMAL
..................................................................
TEMPERATURE (F)
 YESTERDAY
  MAXIMUM         66        MM  85    2006  69     -3       62
                                      1977
  MINIMUM         51        MM  27    1963  44      7       32
  AVERAGE         59                        56      3       47

PRECIPITATION (IN)
  YESTERDAY        0.22          1.86 1956   0.12   0.10     0.30
  MONTH TO DATE    4.24                      1.94   2.30     1.75
  SINCE MAR 1      9.57                      5.99   3.58     6.92
  SINCE JAN 1     17.04                     13.24   3.80    13.43

SNOWFALL (IN)
  YESTERDAY       MM
  MONTH TO DATE   MM
  SINCE MAR 1     MM
  SINCE JUL 1     MM
  SNOW DEPTH      MM

DEGREE DAYS
 HEATING
  YESTERDAY        6                         9     -3       18
  MONTH TO DATE   81                       168    -87       99
  SINCE MAR 1    605                       717   -112      750
  SINCE JUL 1   4226                      3993    233     4257

 COOLING
  YESTERDAY        0                         1     -1        0
  MONTH TO DATE   17                         7     10       16
  SINCE MAR 1     17                        10      7       16
  SINCE JAN 1     17                        10      7       16
..................................................................

WIND (MPH)
  HIGHEST WIND SPEED     8   HIGHEST WIND DIRECTION    NE (40)
  HIGHEST GUST SPEED    MM   HIGHEST GUST DIRECTION    MM
  AVERAGE WIND SPEED     5.5

SKY COVER
  POSSIBLE SUNSHINE  MM
  AVERAGE SKY COVER 1.0

WEATHER CONDITIONS
 THE FOLLOWING WEATHER WAS RECORDED YESTERDAY.
  LIGHT RAIN

RELATIVE HUMIDITY (PERCENT)
 HIGHEST    89           600 AM
 LOWEST     68           400 PM
 AVERAGE    79
..........................................................

THE LONDON KY CLIMATE NORMALS FOR TODAY
                         NORMAL    RECORD    YEAR
 MAXIMUM TEMPERATURE (F)   69        86      2002
 MINIMUM TEMPERATURE (F)   45        25      1962

SUNRISE AND SUNSET
APRIL 16 2015.........SUNRISE   701 AM EDT   SUNSET   812 PM EDT
APRIL 17 2015.........SUNRISE   700 AM EDT   SUNSET   813 PM EDT

-  INDICATES NEGATIVE NUMBERS.
R  INDICATES RECORD WAS SET OR TIED.
MM INDICATES DATA IS MISSING.
T  INDICATES TRACE AMOUNT.

$$

SHALLENBERGER
