000
CDUS43 KJKL 282026
CLILOZ

CLIMATE REPORT
NATIONAL WEATHER SERVICE JACKSON KY
424 PM EDT TUE APR 28 2015


...................................

...THE LONDON KY CLIMATE SUMMARY FOR APRIL 28 2015...
VALID TODAY AS OF 0400 PM LOCAL TIME.

CLIMATE NORMAL PERIOD 1981 TO 2010
CLIMATE RECORD PERIOD 1954 TO 2015


WEATHER ITEM   OBSERVED TIME   RECORD YEAR NORMAL DEPARTURE LAST
                VALUE   (LST)  VALUE       VALUE  FROM      YEAR
                                                  NORMAL
..................................................................
TEMPERATURE (F)
 TODAY
  MAXIMUM         67    235 PM  85    1956  72     -5       76
  MINIMUM         42    550 AM  30    1967  48     -6       63
  AVERAGE         55                        60     -5       70

PRECIPITATION (IN)
  TODAY            0.00          1.55 1970   0.14  -0.14     0.74
  MONTH TO DATE    5.48                      3.78   1.70     3.23
  SINCE MAR 1     10.81                      7.83   2.98     8.40
  SINCE JAN 1     18.28                     15.08   3.20    14.91

SNOWFALL (IN)
  TODAY           MM
  MONTH TO DATE   MM
  SINCE MAR 1     MM
  SINCE JUL 1     MM
  SNOW DEPTH      MM

DEGREE DAYS
 HEATING
  TODAY           10                         6      4        0
  MONTH TO DATE  177                       264    -87      172
  SINCE MAR 1    701                       813   -112      823
  SINCE JUL 1   4322                      4089    233     4330

 COOLING
  TODAY            0                         1     -1        5
  MONTH TO DATE   23                        20      3       22
  SINCE MAR 1     23                        23      0       22
  SINCE JAN 1     23                        23      0       22
..................................................................


WIND (MPH)
  HIGHEST WIND SPEED    13   HIGHEST WIND DIRECTION     N (10)
  HIGHEST GUST SPEED    16   HIGHEST GUST DIRECTION     N (20)
  AVERAGE WIND SPEED     6.0


SKY COVER
  POSSIBLE SUNSHINE  MM
  AVERAGE SKY COVER 0.0


WEATHER CONDITIONS
 THE FOLLOWING WEATHER WAS RECORDED TODAY.
  NO SIGNIFICANT WEATHER WAS OBSERVED.


RELATIVE HUMIDITY (PERCENT)
 HIGHEST    70           600 AM
 LOWEST     30           300 PM
 AVERAGE    50

..........................................................


THE LONDON KY CLIMATE NORMALS FOR TOMORROW
                         NORMAL    RECORD    YEAR
 MAXIMUM TEMPERATURE (F)   73        86      1970
 MINIMUM TEMPERATURE (F)   49        30      1961


SUNRISE AND SUNSET
APRIL 28 2015.........SUNRISE   646 AM EDT   SUNSET   823 PM EDT
APRIL 29 2015.........SUNRISE   644 AM EDT   SUNSET   823 PM EDT


-  INDICATES NEGATIVE NUMBERS.
R  INDICATES RECORD WAS SET OR TIED.
MM INDICATES DATA IS MISSING.
T  INDICATES TRACE AMOUNT.




$$
