000
CDUS43 KJKL 270914 RRA
CLILOZ

CLIMATE REPORT
NATIONAL WEATHER SERVICE JACKSON KY
514 AM EDT MON APR 27 2015

...................................

...THE LONDON KY CLIMATE SUMMARY FOR APRIL 26 2015...

CLIMATE NORMAL PERIOD 1981 TO 2010
CLIMATE RECORD PERIOD 1954 TO 2015


WEATHER ITEM   OBSERVED TIME   RECORD YEAR NORMAL DEPARTURE LAST
                VALUE   (LST)  VALUE       VALUE  FROM      YEAR
                                                  NORMAL
..................................................................

TEMPERATURE (F)
 YESTERDAY
  MAXIMUM         62    434 PM  87    1984  72    -10       80
  MINIMUM         44   1159 PM  33    1968  48     -4       42
  AVERAGE         53                        60     -7       61

PRECIPITATION (IN)
  YESTERDAY        0.02          1.96 1967   0.14  -0.12     0.00
  MONTH TO DATE    5.48                      3.49   1.99     2.49
  SINCE MAR 1     10.81                      7.54   3.27     7.66
  SINCE JAN 1     18.28                     14.79   3.49    14.17

SNOWFALL (IN)
  YESTERDAY       MM
  MONTH TO DATE   MM
  SINCE MAR 1     MM
  SINCE JUL 1     MM
  SNOW DEPTH      MM

DEGREE DAYS
 HEATING
  YESTERDAY       12                         6      6        4
  MONTH TO DATE  154                       252    -98      172
  SINCE MAR 1    678                       801   -123      823
  SINCE JUL 1   4299                      4077    222     4330

 COOLING
  YESTERDAY        0                         1     -1        0
  MONTH TO DATE   23                        18      5       16
  SINCE MAR 1     23                        21      2       16
  SINCE JAN 1     23                        21      2       16
..................................................................

WIND (MPH)
  HIGHEST WIND SPEED    14   HIGHEST WIND DIRECTION     N (10)
  HIGHEST GUST SPEED    23   HIGHEST GUST DIRECTION     E (80)
  AVERAGE WIND SPEED     6.5


SKY COVER
  POSSIBLE SUNSHINE  MM
  AVERAGE SKY COVER 0.8


WEATHER CONDITIONS
 THE FOLLOWING WEATHER WAS RECORDED YESTERDAY.
  LIGHT RAIN
  FOG
  HAZE


RELATIVE HUMIDITY (PERCENT)
 HIGHEST    89           300 AM
 LOWEST     42           500 PM
 AVERAGE    66
..........................................................

THE LONDON KY CLIMATE NORMALS FOR TODAY
                         NORMAL    RECORD    YEAR
 MAXIMUM TEMPERATURE (F)   72        90      1986
 MINIMUM TEMPERATURE (F)   48        32      1972


SUNRISE AND SUNSET
APRIL 27 2015.........SUNRISE   647 AM EDT   SUNSET   822 PM EDT
APRIL 28 2015.........SUNRISE   646 AM EDT   SUNSET   823 PM EDT


-  INDICATES NEGATIVE NUMBERS.
R  INDICATES RECORD WAS SET OR TIED.
MM INDICATES DATA IS MISSING.
T  INDICATES TRACE AMOUNT.
$$
