000
CDUS43 KJKL 280531
CLILOZ

CLIMATE REPORT
NATIONAL WEATHER SERVICE JACKSON KY
130 AM EDT TUE APR 28 2015

...................................

...THE LONDON KY CLIMATE SUMMARY FOR APRIL 27 2015...

CLIMATE NORMAL PERIOD 1981 TO 2010
CLIMATE RECORD PERIOD 1954 TO 2015

WEATHER ITEM   OBSERVED TIME   RECORD YEAR NORMAL DEPARTURE LAST
                VALUE   (LST)  VALUE       VALUE  FROM      YEAR
                                                  NORMAL
..................................................................
TEMPERATURE (F)
 YESTERDAY
  MAXIMUM         65    433 PM  90    1986  72     -7       84
  MINIMUM         39    618 AM  32    1972  48     -9       47
  AVERAGE         52                        60     -8       66

PRECIPITATION (IN)
  YESTERDAY        0.00          2.57 2011   0.15  -0.15     0.00
  MONTH TO DATE    5.48                      3.64   1.84     2.49
  SINCE MAR 1     10.81                      7.69   3.12     7.66
  SINCE JAN 1     18.28                     14.94   3.34    14.17

SNOWFALL (IN)
  YESTERDAY       MM
  MONTH TO DATE   MM
  SINCE MAR 1     MM
  SINCE JUL 1     MM
  SNOW DEPTH      MM

DEGREE DAYS
 HEATING
  YESTERDAY       13                         6      7        0
  MONTH TO DATE  167                       258    -91      172
  SINCE MAR 1    691                       807   -116      823
  SINCE JUL 1   4312                      4083    229     4330

 COOLING
  YESTERDAY        0                         1     -1        1
  MONTH TO DATE   23                        19      4       17
  SINCE MAR 1     23                        22      1       17
  SINCE JAN 1     23                        22      1       17
..................................................................

WIND (MPH)
  HIGHEST WIND SPEED    14   HIGHEST WIND DIRECTION     N (350)
  HIGHEST GUST SPEED    24   HIGHEST GUST DIRECTION     S (180)
  AVERAGE WIND SPEED     4.8

SKY COVER
  POSSIBLE SUNSHINE  MM
  AVERAGE SKY COVER 0.2

WEATHER CONDITIONS
 THE FOLLOWING WEATHER WAS RECORDED YESTERDAY.
  NO SIGNIFICANT WEATHER WAS OBSERVED.

RELATIVE HUMIDITY (PERCENT)
 HIGHEST    79           500 AM
 LOWEST     27           200 PM
 AVERAGE    53
..........................................................

THE LONDON KY CLIMATE NORMALS FOR TODAY
                         NORMAL    RECORD    YEAR
 MAXIMUM TEMPERATURE (F)   72        85      1956
 MINIMUM TEMPERATURE (F)   48        30      1967

SUNRISE AND SUNSET
APRIL 28 2015.........SUNRISE   646 AM EDT   SUNSET   823 PM EDT
APRIL 29 2015.........SUNRISE   644 AM EDT   SUNSET   823 PM EDT

-  INDICATES NEGATIVE NUMBERS.
R  INDICATES RECORD WAS SET OR TIED.
MM INDICATES DATA IS MISSING.
T  INDICATES TRACE AMOUNT.

$$
GREIF
