000
CDUS43 KJKL 232021
CLILOZ

CLIMATE REPORT
NATIONAL WEATHER SERVICE JACKSON KY
418 PM EDT THU APR 23 2015


...................................

...THE LONDON KY CLIMATE SUMMARY FOR APRIL 23 2015...
VALID TODAY AS OF 0400 PM LOCAL TIME.

CLIMATE NORMAL PERIOD 1981 TO 2010
CLIMATE RECORD PERIOD 1954 TO 2015


WEATHER ITEM   OBSERVED TIME   RECORD YEAR NORMAL DEPARTURE LAST
                VALUE   (LST)  VALUE       VALUE  FROM      YEAR
                                                  NORMAL
..................................................................
TEMPERATURE (F)
 TODAY
  MAXIMUM         62    240 PM  87    1960  71     -9       66
  MINIMUM         34    626 AM  23    1986  47    -13       41
  AVERAGE         48                        59    -11       54

PRECIPITATION (IN)
  TODAY            0.00          1.39 1977   0.15  -0.15     0.00
  MONTH TO DATE    5.03                      3.05   1.98     1.78
  SINCE MAR 1     10.36                      7.10   3.26     6.95
  SINCE JAN 1     17.83                     14.35   3.48    13.46

SNOWFALL (IN)
  TODAY           MM
  MONTH TO DATE   MM
  SINCE MAR 1     MM
  SINCE JUL 1     MM
  SNOW DEPTH      MM

DEGREE DAYS
 HEATING
  TODAY           17                         7     10       11
  MONTH TO DATE  127                       232   -105      157
  SINCE MAR 1    651                       781   -130      808
  SINCE JUL 1   4272                      4057    215     4315

 COOLING
  TODAY            0                         1     -1        0
  MONTH TO DATE   21                        15      6       16
  SINCE MAR 1     21                        18      3       16
  SINCE JAN 1     21                        18      3       16
..................................................................


WIND (MPH)
  HIGHEST WIND SPEED    23   HIGHEST WIND DIRECTION     W (260)
  HIGHEST GUST SPEED    31   HIGHEST GUST DIRECTION     W (290)
  AVERAGE WIND SPEED     7.1


SKY COVER
  POSSIBLE SUNSHINE  MM
  AVERAGE SKY COVER 0.0


WEATHER CONDITIONS
 THE FOLLOWING WEATHER WAS RECORDED TODAY.
  NO SIGNIFICANT WEATHER WAS OBSERVED.


RELATIVE HUMIDITY (PERCENT)
 HIGHEST    82           500 AM
 LOWEST     16           100 PM
 AVERAGE    49

..........................................................


THE LONDON KY CLIMATE NORMALS FOR TOMORROW
                         NORMAL    RECORD    YEAR
 MAXIMUM TEMPERATURE (F)   71        89      2009
 MINIMUM TEMPERATURE (F)   47        28      1986


SUNRISE AND SUNSET
APRIL 23 2015.........SUNRISE   652 AM EDT   SUNSET   818 PM EDT
APRIL 24 2015.........SUNRISE   651 AM EDT   SUNSET   819 PM EDT


-  INDICATES NEGATIVE NUMBERS.
R  INDICATES RECORD WAS SET OR TIED.
MM INDICATES DATA IS MISSING.
T  INDICATES TRACE AMOUNT.




$$
