000
CDUS43 KJKL 130530
CLILOZ

CLIMATE REPORT
NATIONAL WEATHER SERVICE JACKSON KY
130 AM EDT MON APR 13 2015

...................................

...THE LONDON KY CLIMATE SUMMARY FOR APRIL 12 2015...

CLIMATE NORMAL PERIOD 1981 TO 2010
CLIMATE RECORD PERIOD 1954 TO 2015

WEATHER ITEM   OBSERVED TIME   RECORD YEAR NORMAL DEPARTURE LAST
                VALUE   (LST)  VALUE       VALUE  FROM      YEAR
                                                  NORMAL
..................................................................
TEMPERATURE (F)
 YESTERDAY
  MAXIMUM         82    421 PM  86    1977  68     14       80
  MINIMUM         44    650 AM  25    1989  43      1       48
  AVERAGE         63                        56      7       64

PRECIPITATION (IN)
  YESTERDAY        0.00          1.08 2004   0.14  -0.14     0.00
  MONTH TO DATE    2.53                      1.56   0.97     1.40
  SINCE MAR 1      7.86                      5.61   2.25     6.57
  SINCE JAN 1     15.33                     12.86   2.47    13.08

SNOWFALL (IN)
  YESTERDAY       MM
  MONTH TO DATE   MM
  SINCE MAR 1     MM
  SINCE JUL 1     MM
  SNOW DEPTH      MM

DEGREE DAYS
 HEATING
  YESTERDAY        2                        10     -8        1
  MONTH TO DATE   69                       139    -70       81
  SINCE MAR 1    593                       688    -95      732
  SINCE JUL 1   4214                      3964    250     4239

 COOLING
  YESTERDAY        0                         1     -1        0
  MONTH TO DATE   14                         4     10        7
  SINCE MAR 1     14                         7      7        7
  SINCE JAN 1     14                         7      7        7
..................................................................

WIND (MPH)
  HIGHEST WIND SPEED    14   HIGHEST WIND DIRECTION     S (190)
  HIGHEST GUST SPEED    18   HIGHEST GUST DIRECTION    SW (230)
  AVERAGE WIND SPEED     4.1

SKY COVER
  POSSIBLE SUNSHINE  MM
  AVERAGE SKY COVER 0.0

WEATHER CONDITIONS
 THE FOLLOWING WEATHER WAS RECORDED YESTERDAY.
  NO SIGNIFICANT WEATHER WAS OBSERVED.

RELATIVE HUMIDITY (PERCENT)
 HIGHEST    62           700 AM
 LOWEST     21           100 PM
 AVERAGE    42
..........................................................

THE LONDON KY CLIMATE NORMALS FOR TODAY
                         NORMAL    RECORD    YEAR
 MAXIMUM TEMPERATURE (F)   68        86      1977
 MINIMUM TEMPERATURE (F)   44        28      2007
                                             1989

SUNRISE AND SUNSET
APRIL 13 2015.........SUNRISE   705 AM EDT   SUNSET   809 PM EDT
APRIL 14 2015.........SUNRISE   704 AM EDT   SUNSET   810 PM EDT

-  INDICATES NEGATIVE NUMBERS.
R  INDICATES RECORD WAS SET OR TIED.
MM INDICATES DATA IS MISSING.
T  INDICATES TRACE AMOUNT.

$$

ABE
