000
CDUS43 KJKL 302022
CLILOZ

CLIMATE REPORT
NATIONAL WEATHER SERVICE JACKSON KY
422 PM EDT MON MAR 30 2015


...................................

...THE LONDON KY CLIMATE SUMMARY FOR MARCH 30 2015...
VALID TODAY AS OF 0400 PM LOCAL TIME.

CLIMATE NORMAL PERIOD 1981 TO 2010
CLIMATE RECORD PERIOD 1954 TO 2015


WEATHER ITEM   OBSERVED TIME   RECORD YEAR NORMAL DEPARTURE LAST
                VALUE   (LST)  VALUE       VALUE  FROM      YEAR
                                                  NORMAL
..................................................................
TEMPERATURE (F)
 TODAY
  MAXIMUM         63    259 PM  83    1963  63      0       56
  MINIMUM         46    721 AM  19    1964  40      6       34
  AVERAGE         55                        52      3       45

PRECIPITATION (IN)
  TODAY            0.10          1.04 1962   0.14  -0.04     0.00
  MONTH TO DATE    5.33                      3.92   1.41     5.17
  SINCE MAR 1      5.33                      3.92   1.41     5.17
  SINCE JAN 1     12.80                     11.17   1.63    11.68

SNOWFALL (IN)
  TODAY           MM
  MONTH TO DATE   MM
  SINCE MAR 1     MM
  SINCE JUL 1     MM
  SNOW DEPTH      MM

DEGREE DAYS
 HEATING
  TODAY           10                        14     -4       20
  MONTH TO DATE  513                       535    -22      637
  SINCE MAR 1    513                       535    -22      637
  SINCE JUL 1   4134                      3811    323     4144

 COOLING
  TODAY            0                         0      0        0
  MONTH TO DATE    0                         0      0        0
  SINCE MAR 1      0                         0      0        0
  SINCE JAN 1      0                         0      0        0
..................................................................


WIND (MPH)
  HIGHEST WIND SPEED    17   HIGHEST WIND DIRECTION     W (280)
  HIGHEST GUST SPEED    25   HIGHEST GUST DIRECTION     W (270)
  AVERAGE WIND SPEED     7.3


SKY COVER
  POSSIBLE SUNSHINE  MM
  AVERAGE SKY COVER 0.6


WEATHER CONDITIONS
 THE FOLLOWING WEATHER WAS RECORDED TODAY.
  RAIN
  LIGHT RAIN


RELATIVE HUMIDITY (PERCENT)
 HIGHEST    86           700 AM
 LOWEST     25           300 PM
 AVERAGE    56

..........................................................


THE LONDON KY CLIMATE NORMALS FOR TOMORROW
                         NORMAL    RECORD    YEAR
 MAXIMUM TEMPERATURE (F)   64        84      1963
 MINIMUM TEMPERATURE (F)   40        18      1969


SUNRISE AND SUNSET
MARCH 30 2015.........SUNRISE   725 AM EDT   SUNSET   757 PM EDT
MARCH 31 2015.........SUNRISE   724 AM EDT   SUNSET   758 PM EDT


-  INDICATES NEGATIVE NUMBERS.
R  INDICATES RECORD WAS SET OR TIED.
MM INDICATES DATA IS MISSING.
T  INDICATES TRACE AMOUNT.

$$

CARICO
