000
CDUS43 KJKL 200525
CLILOZ

CLIMATE REPORT
NATIONAL WEATHER SERVICE JACKSON KY
125 AM EDT MON APR 20 2015

...................................

...THE LONDON KY CLIMATE SUMMARY FOR APRIL 19 2015...

CLIMATE NORMAL PERIOD 1981 TO 2010
CLIMATE RECORD PERIOD 1954 TO 2015


WEATHER ITEM   OBSERVED TIME   RECORD YEAR NORMAL DEPARTURE LAST
                VALUE   (LST)  VALUE       VALUE  FROM      YEAR
                                                  NORMAL
..................................................................
TEMPERATURE (F)
 YESTERDAY
  MAXIMUM         72    544 PM  87    2002  70      2       76
                                      1970
  MINIMUM         62   1159 PM  24    1983  46     16       52
  AVERAGE         67                        58      9       64

PRECIPITATION (IN)
  YESTERDAY        0.41          1.14 2013   0.14   0.27     0.00
  MONTH TO DATE    4.96                      2.48   2.48     1.75
  SINCE MAR 1     10.29                      6.53   3.76     6.92
  SINCE JAN 1     17.76                     13.78   3.98    13.43

SNOWFALL (IN)
  YESTERDAY       MM
  MONTH TO DATE   MM
  SINCE MAR 1     MM
  SINCE JUL 1     MM
  SNOW DEPTH      MM

DEGREE DAYS
 HEATING
  YESTERDAY        0                         8     -8        1
  MONTH TO DATE   84                       202   -118      142
  SINCE MAR 1    608                       751   -143      793
  SINCE JUL 1   4229                      4027    202     4300

 COOLING
  YESTERDAY        2                         1      1        0
  MONTH TO DATE   21                        11     10       16
  SINCE MAR 1     21                        14      7       16
  SINCE JAN 1     21                        14      7       16
..................................................................

WIND (MPH)
  HIGHEST WIND SPEED    17   HIGHEST WIND DIRECTION    SE (140)
  HIGHEST GUST SPEED    23   HIGHEST GUST DIRECTION    SE (140)
  AVERAGE WIND SPEED     6.5

SKY COVER
  POSSIBLE SUNSHINE  MM
  AVERAGE SKY COVER 0.8

WEATHER CONDITIONS
 THE FOLLOWING WEATHER WAS RECORDED YESTERDAY.
  HEAVY RAIN
  RAIN
  LIGHT RAIN
  FOG

RELATIVE HUMIDITY (PERCENT)
 HIGHEST    90           900 AM
 LOWEST     53          1200 AM
 AVERAGE    72

..........................................................

THE LONDON KY CLIMATE NORMALS FOR TODAY
                         NORMAL    RECORD    YEAR
 MAXIMUM TEMPERATURE (F)   70        88      1964
 MINIMUM TEMPERATURE (F)   46        23      1983

SUNRISE AND SUNSET
APRIL 20 2015.........SUNRISE   656 AM EDT   SUNSET   815 PM EDT
APRIL 21 2015.........SUNRISE   654 AM EDT   SUNSET   816 PM EDT

-  INDICATES NEGATIVE NUMBERS.
R  INDICATES RECORD WAS SET OR TIED.
MM INDICATES DATA IS MISSING.
T  INDICATES TRACE AMOUNT.

$$
