000
CDUS43 KJKL 020538
CLILOZ

CLIMATE REPORT
NATIONAL WEATHER SERVICE JACKSON KY

137 AM EDT SAT MAY 2 2015
...................................

...THE LONDON KY CLIMATE SUMMARY FOR MAY 1 2015...

CLIMATE NORMAL PERIOD 1981 TO 2010
CLIMATE RECORD PERIOD 1954 TO 2015

WEATHER ITEM   OBSERVED TIME   RECORD YEAR NORMAL DEPARTURE LAST
                VALUE   (LST)  VALUE       VALUE  FROM      YEAR
                                                  NORMAL
..................................................................
TEMPERATURE (F)
 YESTERDAY
  MAXIMUM         66    549 PM  88    2007  73     -7       62
  MINIMUM         41    516 AM  31    1963  49     -8       47
  AVERAGE         54                        61     -7       55

PRECIPITATION (IN)
  YESTERDAY        T             1.76 2010   0.15  -0.15      T
  MONTH TO DATE    T                         0.15  -0.15      T
  SINCE MAR 1     10.88                      8.25   2.63    10.25
  SINCE JAN 1     18.35                     15.50   2.85    16.76

SNOWFALL (IN)
  YESTERDAY       MM
  MONTH TO DATE   MM
  SINCE MAR 1     MM
  SINCE JUL 1     MM
  SNOW DEPTH      MM

DEGREE DAYS
 HEATING
  YESTERDAY       11                         5      6       10
  MONTH TO DATE   11                         5      6       10
  SINCE MAR 1    729                       830   -101      840
  SINCE JUL 1   4350                      4106    244     4347

 COOLING
  YESTERDAY        0                         1     -1        0
  MONTH TO DATE    0                         1     -1        0
  SINCE MAR 1     23                        27     -4       25
  SINCE JAN 1     23                        27     -4       25
..................................................................

WIND (MPH)
  HIGHEST WIND SPEED    10   HIGHEST WIND DIRECTION    NE (40)
  HIGHEST GUST SPEED    15   HIGHEST GUST DIRECTION    NE (50)
  AVERAGE WIND SPEED     3.5

SKY COVER
  POSSIBLE SUNSHINE  MM
  AVERAGE SKY COVER 0.5

WEATHER CONDITIONS
 THE FOLLOWING WEATHER WAS RECORDED YESTERDAY.
  FOG
  HAZE

RELATIVE HUMIDITY (PERCENT)
 HIGHEST    89          1200 AM
 LOWEST     43           600 PM
 AVERAGE    66
..........................................................

THE LONDON KY CLIMATE NORMALS FOR TODAY
                         NORMAL    RECORD    YEAR
 MAXIMUM TEMPERATURE (F)   73        88      1959
 MINIMUM TEMPERATURE (F)   49        28      1963

SUNRISE AND SUNSET
MAY  2 2015...........SUNRISE   641 AM EDT   SUNSET   826 PM EDT
MAY  3 2015...........SUNRISE   640 AM EDT   SUNSET   827 PM EDT

-  INDICATES NEGATIVE NUMBERS.
R  INDICATES RECORD WAS SET OR TIED.
MM INDICATES DATA IS MISSING.
T  INDICATES TRACE AMOUNT.

$$
