000
CDUS43 KJKL 172052
CLILOZ

CLIMATE REPORT
NATIONAL WEATHER SERVICE JACKSON KY
452 PM EDT FRI APR 17 2015

...................................

...THE LONDON KY CLIMATE SUMMARY FOR APRIL 17 2015...
VALID TODAY AS OF 0400 PM LOCAL TIME.

CLIMATE NORMAL PERIOD 1981 TO 2010
CLIMATE RECORD PERIOD 1954 TO 2015

WEATHER ITEM   OBSERVED TIME   RECORD YEAR NORMAL DEPARTURE LAST
                VALUE   (LST)  VALUE       VALUE  FROM      YEAR
                                                  NORMAL
..................................................................
TEMPERATURE (F)
 TODAY
  MAXIMUM         75    251 PM  86    1977  69      6       70
  MINIMUM         52    342 AM  27    1962  45      7       34
  AVERAGE         64                        57      7       52

PRECIPITATION (IN)
  TODAY            0.00          1.70 2013   0.14  -0.14     0.00
  MONTH TO DATE    4.55                      2.21   2.34     1.75
  SINCE MAR 1      9.88                      6.26   3.62     6.92
  SINCE JAN 1     17.35                     13.51   3.84    13.43

SNOWFALL (IN)
  TODAY           MM
  MONTH TO DATE   MM
  SINCE MAR 1     MM
  SINCE JUL 1     MM
  SNOW DEPTH      MM

DEGREE DAYS
 HEATING
  TODAY            1                         9     -8       13
  MONTH TO DATE   85                       186   -101      134
  SINCE MAR 1    609                       735   -126      785
  SINCE JUL 1   4230                      4011    219     4292

 COOLING
  TODAY            0                         1     -1        0
  MONTH TO DATE   17                         9      8       16
  SINCE MAR 1     17                        12      5       16
  SINCE JAN 1     17                        12      5       16
..................................................................

WIND (MPH)
  HIGHEST WIND SPEED     8   HIGHEST WIND DIRECTION    SW (230)
  HIGHEST GUST SPEED    12   HIGHEST GUST DIRECTION    SW (240)
  AVERAGE WIND SPEED     2.4

SKY COVER
  POSSIBLE SUNSHINE  MM
  AVERAGE SKY COVER 0.6

WEATHER CONDITIONS
 THE FOLLOWING WEATHER WAS RECORDED TODAY.
  FOG

RELATIVE HUMIDITY (PERCENT)
 HIGHEST    86           100 AM
 LOWEST     46           300 PM
 AVERAGE    66
..........................................................

THE LONDON KY CLIMATE NORMALS FOR TOMORROW
                         NORMAL    RECORD    YEAR
 MAXIMUM TEMPERATURE (F)   70        88      1955
 MINIMUM TEMPERATURE (F)   45        28      1983

SUNRISE AND SUNSET
APRIL 17 2015.........SUNRISE   700 AM EDT   SUNSET   813 PM EDT
APRIL 18 2015.........SUNRISE   658 AM EDT   SUNSET   814 PM EDT

-  INDICATES NEGATIVE NUMBERS.
R  INDICATES RECORD WAS SET OR TIED.
MM INDICATES DATA IS MISSING.
T  INDICATES TRACE AMOUNT.

$$

ABE
