000
CDUS43 KJKL 120601 RRA
CLILOZ

CLIMATE REPORT
NATIONAL WEATHER SERVICE JACKSON KY
201 AM EDT SUN APR 12 2015

...................................

...THE LONDON KY CLIMATE SUMMARY FOR APRIL 11 2015...

CLIMATE NORMAL PERIOD 1981 TO 2010
CLIMATE RECORD PERIOD 1954 TO 2015

WEATHER ITEM   OBSERVED TIME   RECORD YEAR NORMAL DEPARTURE LAST
                VALUE   (LST)  VALUE       VALUE  FROM      YEAR
                                                  NORMAL
..................................................................
TEMPERATURE (F)
 YESTERDAY
  MAXIMUM         69    512 PM  86    1977  67      2       76
  MINIMUM         41    635 AM  22    1960  43     -2       60
  AVERAGE         55                        55      0       68

PRECIPITATION (IN)
  YESTERDAY        0.00          1.48 1962   0.13  -0.13     0.05
  MONTH TO DATE    2.53                      1.42   1.11     1.40
  SINCE MAR 1      7.86                      5.47   2.39     6.57
  SINCE JAN 1     15.33                     12.72   2.61    13.08

SNOWFALL (IN)
  YESTERDAY       MM
  MONTH TO DATE   MM
  SINCE MAR 1     MM
  SINCE JUL 1     MM
  SNOW DEPTH      MM

DEGREE DAYS
 HEATING
  YESTERDAY       10                        10      0        0
  MONTH TO DATE   67                       129    -62       80
  SINCE MAR 1    591                       678    -87      731
  SINCE JUL 1   4212                      3954    258     4238

 COOLING
  YESTERDAY        0                         1     -1        3
  MONTH TO DATE   14                         3     11        7
  SINCE MAR 1     14                         6      8        7
  SINCE JAN 1     14                         6      8        7
..................................................................

WIND (MPH)
  HIGHEST WIND SPEED    10   HIGHEST WIND DIRECTION    NE (30)
  HIGHEST GUST SPEED    18   HIGHEST GUST DIRECTION    SE (120)
  AVERAGE WIND SPEED     4.3

SKY COVER
  POSSIBLE SUNSHINE  MM
  AVERAGE SKY COVER 0.0

WEATHER CONDITIONS
 THE FOLLOWING WEATHER WAS RECORDED YESTERDAY.
  NO SIGNIFICANT WEATHER WAS OBSERVED.

RELATIVE HUMIDITY (PERCENT)
 HIGHEST    83           300 AM
 LOWEST     17           500 PM
 AVERAGE    50
..........................................................

THE LONDON KY CLIMATE NORMALS FOR TODAY
                         NORMAL    RECORD    YEAR
 MAXIMUM TEMPERATURE (F)   68        86      1977
 MINIMUM TEMPERATURE (F)   43        25      1989

SUNRISE AND SUNSET
APRIL 12 2015.........SUNRISE   707 AM EDT   SUNSET   808 PM EDT
APRIL 13 2015.........SUNRISE   705 AM EDT   SUNSET   809 PM EDT

-  INDICATES NEGATIVE NUMBERS.
R  INDICATES RECORD WAS SET OR TIED.
MM INDICATES DATA IS MISSING.
T  INDICATES TRACE AMOUNT.

$$

RAY
