000
CDUS43 KJKL 170527
CLILOZ

CLIMATE REPORT
NATIONAL WEATHER SERVICE JACKSON KY
127 AM EDT FRI APR 17 2015

...................................

...THE LONDON KY CLIMATE SUMMARY FOR APRIL 16 2015...

CLIMATE NORMAL PERIOD 1981 TO 2010
CLIMATE RECORD PERIOD 1954 TO 2015


WEATHER ITEM   OBSERVED TIME   RECORD YEAR NORMAL DEPARTURE LAST
                VALUE   (LST)  VALUE       VALUE  FROM      YEAR
                                                  NORMAL
..................................................................
TEMPERATURE (F)
 YESTERDAY
  MAXIMUM         67    356 PM  86    2002  69     -2       58
  MINIMUM         56   1159 PM  25    1962  45     11       28
  AVERAGE         62                        57      5       43

PRECIPITATION (IN)
  YESTERDAY        0.31          2.62 1998   0.13   0.18     0.00
  MONTH TO DATE    4.55                      2.07   2.48     1.75
  SINCE MAR 1      9.88                      6.12   3.76     6.92
  SINCE JAN 1     17.35                     13.37   3.98    13.43

SNOWFALL (IN)
  YESTERDAY       MM
  MONTH TO DATE   MM
  SINCE MAR 1     MM
  SINCE JUL 1     MM
  SNOW DEPTH      MM

DEGREE DAYS
 HEATING
  YESTERDAY        3                         9     -6       22
  MONTH TO DATE   84                       177    -93      121
  SINCE MAR 1    608                       726   -118      772
  SINCE JUL 1   4229                      4002    227     4279

 COOLING
  YESTERDAY        0                         1     -1        0
  MONTH TO DATE   17                         8      9       16
  SINCE MAR 1     17                        11      6       16
  SINCE JAN 1     17                        11      6       16
..................................................................

WIND (MPH)
  HIGHEST WIND SPEED    20   HIGHEST WIND DIRECTION     W (270)
  HIGHEST GUST SPEED    24   HIGHEST GUST DIRECTION     W (270)
  AVERAGE WIND SPEED     6.2

SKY COVER
  POSSIBLE SUNSHINE  MM
  AVERAGE SKY COVER 0.6

WEATHER CONDITIONS
 THE FOLLOWING WEATHER WAS RECORDED YESTERDAY.
  THUNDERSTORM
  RAIN
  LIGHT RAIN
  FOG

RELATIVE HUMIDITY (PERCENT)
 HIGHEST    80          1200 AM
 LOWEST     63           700 PM
 AVERAGE    72

..........................................................

THE LONDON KY CLIMATE NORMALS FOR TODAY
                         NORMAL    RECORD    YEAR
 MAXIMUM TEMPERATURE (F)   69        86      1977
 MINIMUM TEMPERATURE (F)   45        27      1962

SUNRISE AND SUNSET
APRIL 17 2015.........SUNRISE   700 AM EDT   SUNSET   813 PM EDT
APRIL 18 2015.........SUNRISE   658 AM EDT   SUNSET   814 PM EDT

-  INDICATES NEGATIVE NUMBERS.
R  INDICATES RECORD WAS SET OR TIED.
MM INDICATES DATA IS MISSING.
T  INDICATES TRACE AMOUNT.

$$
