000
CDUS43 KJKL 220526 RRA
CLILOZ

CLIMATE REPORT
NATIONAL WEATHER SERVICE JACKSON KY
125 AM EDT WED APR 22 2015

...................................

...THE LONDON KY CLIMATE SUMMARY FOR APRIL 21 2015...

CLIMATE NORMAL PERIOD 1981 TO 2010
CLIMATE RECORD PERIOD 1954 TO 2015


WEATHER ITEM   OBSERVED TIME   RECORD YEAR NORMAL DEPARTURE LAST
                VALUE   (LST)  VALUE       VALUE  FROM      YEAR
                                                  NORMAL
..................................................................
TEMPERATURE (F)
 YESTERDAY
  MAXIMUM         65    140 PM  87    1963  70     -5       82
  MINIMUM         45    537 AM  25    1983  46     -1       47
  AVERAGE         55                        58     -3       65

PRECIPITATION (IN)
  YESTERDAY        T             1.02 2006   0.14  -0.14     0.00
  MONTH TO DATE    5.03                      2.76   2.27     1.75
  SINCE MAR 1     10.36                      6.81   3.55     6.92
  SINCE JAN 1     17.83                     14.06   3.77    13.43

SNOWFALL (IN)
  YESTERDAY       MM
  MONTH TO DATE   MM
  SINCE MAR 1     MM
  SINCE JUL 1     MM
  SNOW DEPTH      MM

DEGREE DAYS
 HEATING
  YESTERDAY       10                         8      2        0
  MONTH TO DATE   99                       218   -119      146
  SINCE MAR 1    623                       767   -144      797
  SINCE JUL 1   4244                      4043    201     4304

 COOLING
  YESTERDAY        0                         1     -1        0
  MONTH TO DATE   21                        13      8       16
  SINCE MAR 1     21                        16      5       16
  SINCE JAN 1     21                        16      5       16
..................................................................


WIND (MPH)
  HIGHEST WIND SPEED    24   HIGHEST WIND DIRECTION     W (250)
  HIGHEST GUST SPEED    31   HIGHEST GUST DIRECTION     W (250)
  AVERAGE WIND SPEED     9.0


SKY COVER
  POSSIBLE SUNSHINE  MM
  AVERAGE SKY COVER 0.6


WEATHER CONDITIONS
 THE FOLLOWING WEATHER WAS RECORDED YESTERDAY.
  LIGHT RAIN


RELATIVE HUMIDITY (PERCENT)
 HIGHEST    83          1200 AM
 LOWEST     21           100 PM
 AVERAGE    52

..........................................................


THE LONDON KY CLIMATE NORMALS FOR TODAY
                         NORMAL    RECORD    YEAR
 MAXIMUM TEMPERATURE (F)   71        87      1963
 MINIMUM TEMPERATURE (F)   47        31      1986


SUNRISE AND SUNSET
APRIL 22 2015.........SUNRISE   653 AM EDT   SUNSET   817 PM EDT
APRIL 23 2015.........SUNRISE   652 AM EDT   SUNSET   818 PM EDT


-  INDICATES NEGATIVE NUMBERS.
R  INDICATES RECORD WAS SET OR TIED.
MM INDICATES DATA IS MISSING.
T  INDICATES TRACE AMOUNT.




$$
