000
CDUS43 KJKL 312020
CLILOZ

CLIMATE REPORT
NATIONAL WEATHER SERVICE JACKSON KY
420 PM EDT TUE MAR 31 2015

...................................

...THE LONDON KY CLIMATE SUMMARY FOR MARCH 31 2015...
VALID TODAY AS OF 0400 PM LOCAL TIME.

CLIMATE NORMAL PERIOD 1981 TO 2010
CLIMATE RECORD PERIOD 1954 TO 2015


WEATHER ITEM   OBSERVED TIME   RECORD YEAR NORMAL DEPARTURE LAST
                VALUE   (LST)  VALUE       VALUE  FROM      YEAR
                                                  NORMAL
..................................................................
TEMPERATURE (F)
 TODAY
  MAXIMUM         77    259 PM  84    1963  64     13       71
  MINIMUM         35    529 AM  18    1969  40     -5       30
  AVERAGE         56                        52      4       51

PRECIPITATION (IN)
  TODAY            0.00          1.15 2002   0.13  -0.13     0.00
  MONTH TO DATE    5.33                      4.05   1.28     5.17
  SINCE MAR 1      5.33                      4.05   1.28     5.17
  SINCE JAN 1     12.80                     11.30   1.50    11.68

SNOWFALL (IN)
  TODAY           MM
  MONTH TO DATE   MM
  SINCE MAR 1     MM
  SINCE JUL 1     MM
  SNOW DEPTH      MM

DEGREE DAYS
 HEATING
  TODAY            9                        13     -4       14
  MONTH TO DATE  524                       548    -24      651
  SINCE MAR 1    524                       549    -25      651
  SINCE JUL 1   4145                      3825    320     4158

 COOLING
  TODAY            0                         0      0        0
  MONTH TO DATE    0                         3     -3        0
  SINCE MAR 1      0                         3     -3        0
  SINCE JAN 1      0                         3     -3        0
..................................................................


WIND (MPH)
  HIGHEST WIND SPEED    30   HIGHEST WIND DIRECTION     W (260)
  HIGHEST GUST SPEED    39   HIGHEST GUST DIRECTION     W (250)
  AVERAGE WIND SPEED     8.4


SKY COVER
  POSSIBLE SUNSHINE  MM
  AVERAGE SKY COVER 0.0


WEATHER CONDITIONS
 THE FOLLOWING WEATHER WAS RECORDED TODAY.
  NO SIGNIFICANT WEATHER WAS OBSERVED.


RELATIVE HUMIDITY (PERCENT)
 HIGHEST    76           300 AM
 LOWEST     25           200 PM
 AVERAGE    51

..........................................................


THE LONDON KY CLIMATE NORMALS FOR TOMORROW
                         NORMAL    RECORD    YEAR
 MAXIMUM TEMPERATURE (F)   64        86      1974
 MINIMUM TEMPERATURE (F)   40        22      1994


SUNRISE AND SUNSET
MARCH 31 2015.........SUNRISE   724 AM EDT   SUNSET   758 PM EDT
APRIL  1 2015.........SUNRISE   722 AM EDT   SUNSET   759 PM EDT


-  INDICATES NEGATIVE NUMBERS.
R  INDICATES RECORD WAS SET OR TIED.
MM INDICATES DATA IS MISSING.
T  INDICATES TRACE AMOUNT.

$$

CARICO
