000
CDUS43 KJKL 042020
CLILOZ

CLIMATE REPORT
NATIONAL WEATHER SERVICE JACKSON KY
420 PM EDT MON MAY 4 2015

...................................

...THE LONDON KY CLIMATE SUMMARY FOR MAY 4 2015...
VALID TODAY AS OF 0400 PM LOCAL TIME.

CLIMATE NORMAL PERIOD 1981 TO 2010
CLIMATE RECORD PERIOD 1954 TO 2015

WEATHER ITEM   OBSERVED TIME   RECORD YEAR NORMAL DEPARTURE LAST
                VALUE   (LST)  VALUE       VALUE  FROM      YEAR
                                                  NORMAL
..................................................................
TEMPERATURE (F)
 TODAY
  MAXIMUM         83    252 PM  87    1955  74      9       83
  MINIMUM         50    559 AM  29    1971  50      0       46
  AVERAGE         67                        62      5       65

PRECIPITATION (IN)
  TODAY            0.00          1.73 1988   0.16  -0.16     0.00
  MONTH TO DATE    T                         0.62  -0.62      T
  SINCE MAR 1     10.88                      8.72   2.16    10.25
  SINCE JAN 1     18.35                     15.97   2.38    16.76

SNOWFALL (IN)
  TODAY           MM
  MONTH TO DATE   MM
  SINCE MAR 1     MM
  SINCE JUL 1     MM
  SNOW DEPTH      MM

DEGREE DAYS
 HEATING
  TODAY            0                         5     -5        0
  MONTH TO DATE   20                        20      0       29
  SINCE MAR 1    738                       845   -107      859
  SINCE JUL 1   4359                      4121    238     4366

 COOLING
  TODAY            2                         1      1        0
  MONTH TO DATE    2                         4     -2        0
  SINCE MAR 1     25                        30     -5       25
  SINCE JAN 1     25                        30     -5       25
..................................................................

WIND (MPH)
  HIGHEST WIND SPEED    16   HIGHEST WIND DIRECTION     W (250)
  HIGHEST GUST SPEED    22   HIGHEST GUST DIRECTION     W (260)
  AVERAGE WIND SPEED     3.9

SKY COVER
  POSSIBLE SUNSHINE  MM
  AVERAGE SKY COVER 0.1

WEATHER CONDITIONS
 THE FOLLOWING WEATHER WAS RECORDED TODAY.
  HAZE

RELATIVE HUMIDITY (PERCENT)
 HIGHEST    83           300 AM
 LOWEST     24           300 PM
 AVERAGE    54
..........................................................

THE LONDON KY CLIMATE NORMALS FOR TOMORROW
                         NORMAL    RECORD    YEAR
 MAXIMUM TEMPERATURE (F)   74        90      1959
 MINIMUM TEMPERATURE (F)   50        33      2011
                                             1957

SUNRISE AND SUNSET
MAY  4 2015...........SUNRISE   639 AM EDT   SUNSET   828 PM EDT
MAY  5 2015...........SUNRISE   638 AM EDT   SUNSET   829 PM EDT

-  INDICATES NEGATIVE NUMBERS.
R  INDICATES RECORD WAS SET OR TIED.
MM INDICATES DATA IS MISSING.
T  INDICATES TRACE AMOUNT.

$$

TAB
