000
CDUS43 KJKL 140535
CLILOZ

CLIMATE REPORT
NATIONAL WEATHER SERVICE JACKSON KY
120 AM EDT TUE APR 14 2015

...................................

...THE LONDON KY CLIMATE SUMMARY FOR APRIL 13 2015...

CLIMATE NORMAL PERIOD 1981 TO 2010
CLIMATE RECORD PERIOD 1954 TO 2015

WEATHER ITEM   OBSERVED TIME   RECORD YEAR NORMAL DEPARTURE LAST
                VALUE   (LST)  VALUE       VALUE  FROM      YEAR
                                                  NORMAL
..................................................................
TEMPERATURE (F)
 YESTERDAY
  MAXIMUM         77    215 PM  86    1977  68      9       84
  MINIMUM         58    630 AM  28    2007  44     14       57
                                      1989
  AVERAGE         68                        56     12       71

PRECIPITATION (IN)
  YESTERDAY        0.34          0.81 2004   0.13   0.21     0.00
  MONTH TO DATE    2.87                      1.69   1.18     1.40
  SINCE MAR 1      8.20                      5.74   2.46     6.57
  SINCE JAN 1     15.67                     12.99   2.68    13.08

SNOWFALL (IN)
  YESTERDAY       MM
  MONTH TO DATE   MM
  SINCE MAR 1     MM
  SINCE JUL 1     MM
  SNOW DEPTH      MM

DEGREE DAYS
 HEATING
  YESTERDAY        0                        10    -10        0
  MONTH TO DATE   69                       149    -80       81
  SINCE MAR 1    593                       698   -105      732
  SINCE JUL 1   4214                      3974    240     4239

 COOLING
  YESTERDAY        3                         1      2        6
  MONTH TO DATE   17                         5     12       13
  SINCE MAR 1     17                         8      9       13
  SINCE JAN 1     17                         8      9       13
..................................................................

WIND (MPH)
  HIGHEST WIND SPEED    16   HIGHEST WIND DIRECTION     S (180)
  HIGHEST GUST SPEED    23   HIGHEST GUST DIRECTION     S (200)
  AVERAGE WIND SPEED     5.1

SKY COVER
  POSSIBLE SUNSHINE  MM
  AVERAGE SKY COVER 0.7

WEATHER CONDITIONS
 THE FOLLOWING WEATHER WAS RECORDED YESTERDAY.
  RAIN
  LIGHT RAIN
  FOG

RELATIVE HUMIDITY (PERCENT)
 HIGHEST    87           900 PM
 LOWEST     40           200 PM
 AVERAGE    64
..........................................................

THE LONDON KY CLIMATE NORMALS FOR TODAY
                         NORMAL    RECORD    YEAR
 MAXIMUM TEMPERATURE (F)   68        87      2006
 MINIMUM TEMPERATURE (F)   44        26      1962

SUNRISE AND SUNSET
APRIL 14 2015.........SUNRISE   704 AM EDT   SUNSET   810 PM EDT
APRIL 15 2015.........SUNRISE   702 AM EDT   SUNSET   811 PM EDT

-  INDICATES NEGATIVE NUMBERS.
R  INDICATES RECORD WAS SET OR TIED.
MM INDICATES DATA IS MISSING.
T  INDICATES TRACE AMOUNT.

$$

SHALLENBERGER
