000
CDUS43 KJKL 150530
CLILOZ

CLIMATE REPORT
NATIONAL WEATHER SERVICE JACKSON KY
119 AM EDT WED APR 15 2015

...................................

...THE LONDON KY CLIMATE SUMMARY FOR APRIL 14 2015...

CLIMATE NORMAL PERIOD 1981 TO 2010
CLIMATE RECORD PERIOD 1954 TO 2015

WEATHER ITEM   OBSERVED TIME   RECORD YEAR NORMAL DEPARTURE LAST
                VALUE   (LST)  VALUE       VALUE  FROM      YEAR
                                                  NORMAL
..................................................................
TEMPERATURE (F)
 YESTERDAY
  MAXIMUM         65    127 AM  87    2006  68     -3       74
  MINIMUM         53   1159 PM  26    1962  44      9       61
  AVERAGE         59                        56      3       68

PRECIPITATION (IN)
  YESTERDAY        1.15          1.37 2007   0.13   1.02     0.05
  MONTH TO DATE    4.02                      1.82   2.20     1.45
  SINCE MAR 1      9.35                      5.87   3.48     6.62
  SINCE JAN 1     16.82                     13.12   3.70    13.13

SNOWFALL (IN)
  YESTERDAY       MM
  MONTH TO DATE   MM
  SINCE MAR 1     MM
  SINCE JUL 1     MM
  SNOW DEPTH      MM

DEGREE DAYS
 HEATING
  YESTERDAY        6                        10     -4        0
  MONTH TO DATE   75                       159    -84       81
  SINCE MAR 1    599                       708   -109      732
  SINCE JUL 1   4220                      3984    236     4239

 COOLING
  YESTERDAY        0                         1     -1        3
  MONTH TO DATE   17                         6     11       16
  SINCE MAR 1     17                         9      8       16
  SINCE JAN 1     17                         9      8       16
..................................................................

WIND (MPH)
  HIGHEST WIND SPEED    16   HIGHEST WIND DIRECTION    NE (30)
  HIGHEST GUST SPEED    23   HIGHEST GUST DIRECTION    NE (30)
  AVERAGE WIND SPEED     6.3

SKY COVER
  POSSIBLE SUNSHINE  MM
  AVERAGE SKY COVER 1.0

WEATHER CONDITIONS
 THE FOLLOWING WEATHER WAS RECORDED YESTERDAY.
  HEAVY RAIN
  RAIN
  LIGHT RAIN
  FOG

RELATIVE HUMIDITY (PERCENT)
 HIGHEST    87          1200 AM
 LOWEST     77           900 PM
 AVERAGE    82
..........................................................

THE LONDON KY CLIMATE NORMALS FOR TODAY
                         NORMAL    RECORD    YEAR
 MAXIMUM TEMPERATURE (F)   69        85      2006
                                             1977
 MINIMUM TEMPERATURE (F)   44        27      1963

SUNRISE AND SUNSET
APRIL 15 2015.........SUNRISE   702 AM EDT   SUNSET   811 PM EDT
APRIL 16 2015.........SUNRISE   701 AM EDT   SUNSET   812 PM EDT

-  INDICATES NEGATIVE NUMBERS.
R  INDICATES RECORD WAS SET OR TIED.
MM INDICATES DATA IS MISSING.
T  INDICATES TRACE AMOUNT.

$$

SHALLENBERGER
